{"id":94445,"date":"2017-10-27T11:42:39","date_gmt":"2017-10-27T11:42:39","guid":{"rendered":"https:\/\/veritas.art\/lot\/voiles-du-matin-1965-2\/"},"modified":"2017-10-27T11:42:39","modified_gmt":"2017-10-27T11:42:39","slug":"voiles-du-matin-1965-2","status":"publish","type":"lot","link":"https:\/\/veritas.art\/en\/lot\/voiles-du-matin-1965-2\/","title":{"rendered":"[Auction 67] Lot 79 &#8211; Voiles du Matin&#8221;, 1965"},"content":{"rendered":"With Galeria Jeanne Bucher Paris label.\n\nExhibitions:\nGalerie Alice Pauli, Lausanne, 1968, n\u00ba31;\n&#8220;Arpad Szenes&#8221;, Funda\u00e7\u00e3o Calouste Gulbenkian, Galeria de Exposi\u00e7\u00f5es Tempor\u00e1rias, Lisboa, 1972, Cat. p.120 n\u00ba150;\n&#8220;Centen\u00e1rio de Nascimento Arpad Szenes&#8221;, Funda\u00e7\u00e3o Calouste Gulbenkian\/Funda\u00e7\u00e3o Arpad Szenes &#8211; Vieira da Silva&#8221;, Lisboa, 1997, Cat. p.108.\n\nLiterature:\nChiara Calzetta Jaeger, &#8220;Arpad Szenes, Catalogue Raisonn\u00e9 des Dessins et des Peintures&#8221;, Tome II, p. 574, AS65-032.\n\nProvenance:\nJorge de Brito Collection;\nPrivate Collection.","protected":false},"featured_media":5352,"template":"","categories":[47],"class_list":["post-94445","lot","type-lot","status-publish","has-post-thumbnail","hentry","category-modern-and-contemporary-art","author-arpad-szenes"],"acf":{"auction_number":"67","number":"79","letter":"0","ref":"79","price_on_request":false,"estimation_min":"20000","estimation_max":"30000","show_hammer_value":true,"hammer_value":"0","author":1452,"gallery":[{"image":{"ID":5352,"id":5352,"title":"79","filename":"79.jpg","filesize":1136811,"url":"https:\/\/veritas.art\/wp-content\/uploads\/2017\/05\/2017-05-28-19-29-19\/79.jpg","link":"https:\/\/veritas.art\/en\/lot\/voiles-du-matin-1965\/79-4\/","alt":"","author":"0","description":"","caption":"","name":"79-4","status":"inherit","uploaded_to":94444,"date":"2017-07-27 18:14:06","modified":"2017-11-10 15:13:58","menu_order":0,"mime_type":"image\/jpeg","type":"image","subtype":"jpeg","icon":"https:\/\/veritas.art\/wp-includes\/images\/media\/default.png","width":806,"height":1280,"sizes":{"thumbnail":"https:\/\/veritas.art\/wp-content\/uploads\/2017\/05\/2017-05-28-19-29-19\/79-150x150.jpg","thumbnail-width":150,"thumbnail-height":150,"medium":"https:\/\/veritas.art\/wp-content\/uploads\/2017\/05\/2017-05-28-19-29-19\/79-189x300.jpg","medium-width":189,"medium-height":300,"medium_large":"https:\/\/veritas.art\/wp-content\/uploads\/2017\/05\/2017-05-28-19-29-19\/79-768x1220.jpg","medium_large-width":768,"medium_large-height":1220,"large":"https:\/\/veritas.art\/wp-content\/uploads\/2017\/05\/2017-05-28-19-29-19\/79-403x640.jpg","large-width":403,"large-height":640,"1536x1536":"https:\/\/veritas.art\/wp-content\/uploads\/2017\/05\/2017-05-28-19-29-19\/79.jpg","1536x1536-width":806,"1536x1536-height":1280,"2048x2048":"https:\/\/veritas.art\/wp-content\/uploads\/2017\/05\/2017-05-28-19-29-19\/79.jpg","2048x2048-width":806,"2048x2048-height":1280,"v_medium":"https:\/\/veritas.art\/wp-content\/uploads\/2017\/05\/2017-05-28-19-29-19\/79-640x1016.jpg","v_medium-width":640,"v_medium-height":1016,"gform-image-choice-sm":"https:\/\/veritas.art\/wp-content\/uploads\/2017\/05\/2017-05-28-19-29-19\/79.jpg","gform-image-choice-sm-width":189,"gform-image-choice-sm-height":300,"gform-image-choice-md":"https:\/\/veritas.art\/wp-content\/uploads\/2017\/05\/2017-05-28-19-29-19\/79.jpg","gform-image-choice-md-width":252,"gform-image-choice-md-height":400,"gform-image-choice-lg":"https:\/\/veritas.art\/wp-content\/uploads\/2017\/05\/2017-05-28-19-29-19\/79.jpg","gform-image-choice-lg-width":378,"gform-image-choice-lg-height":600}},"is_video":false,"video_source":"","video_id":"","use_video_thumbnail":true}],"auction":{"ID":68082,"post_author":"1","post_date":"2016-12-12 00:00:00","post_date_gmt":"2016-12-12 00:00:00","post_content":"","post_title":"Auction 67 - Modern &amp; Contemporary","post_excerpt":"","post_status":"publish","comment_status":"closed","ping_status":"closed","post_password":"","post_name":"modern-contemporary","to_ping":"","pinged":"","post_modified":"2017-10-31 16:46:23","post_modified_gmt":"2017-10-31 16:46:23","post_content_filtered":"","post_parent":0,"guid":"https:\/\/veritas.art\/auction\/modern-contemporary\/","menu_order":0,"post_type":"auction","post_mime_type":"","comment_count":"0","filter":"raw"},"name":"\"Voiles du Matin\", 1965","description":"Oil on maroufl\u00e9 paper laid on canvas<br \/>\nSigned<br \/>\n<br \/>\n100x65 cm","additional_info":[{"title":"Additional Information","text":"With Galeria Jeanne Bucher Paris label.<br \/>\n<br \/>\nExhibitions:<br \/>\nGalerie Alice Pauli, Lausanne, 1968, n\u00ba31;<br \/>\n\"Arpad Szenes\", Funda\u00e7\u00e3o Calouste Gulbenkian, Galeria de Exposi\u00e7\u00f5es Tempor\u00e1rias, Lisboa, 1972, Cat. p.120 n\u00ba150;<br \/>\n\"Centen\u00e1rio de Nascimento Arpad Szenes\", Funda\u00e7\u00e3o Calouste Gulbenkian\/Funda\u00e7\u00e3o Arpad Szenes - Vieira da Silva\", Lisboa, 1997, Cat. p.108.<br \/>\n<br \/>\nLiterature:<br \/>\nChiara Calzetta Jaeger, \"Arpad Szenes, Catalogue Raisonn\u00e9 des Dessins et des Peintures\", Tome II, p. 574, AS65-032.<br \/>\n<br \/>\nProvenance:<br \/>\nJorge de Brito Collection;<br \/>\nPrivate Collection."}]},"_links":{"self":[{"href":"https:\/\/veritas.art\/en\/wp-json\/wp\/v2\/lot\/94445","targetHints":{"allow":["GET"]}}],"collection":[{"href":"https:\/\/veritas.art\/en\/wp-json\/wp\/v2\/lot"}],"about":[{"href":"https:\/\/veritas.art\/en\/wp-json\/wp\/v2\/types\/lot"}],"wp:featuredmedia":[{"embeddable":true,"href":"https:\/\/veritas.art\/en\/wp-json\/wp\/v2\/media\/5352"}],"wp:attachment":[{"href":"https:\/\/veritas.art\/en\/wp-json\/wp\/v2\/media?parent=94445"}],"wp:term":[{"taxonomy":"category","embeddable":true,"href":"https:\/\/veritas.art\/en\/wp-json\/wp\/v2\/categories?post=94445"}],"curies":[{"name":"wp","href":"https:\/\/api.w.org\/{rel}","templated":true}]}}

With Galeria Jeanne Bucher Paris label.

Exhibitions:
Galerie Alice Pauli, Lausanne, 1968, nº31;
&#8220;Arpad Szenes&#8221;, Fundação Calouste Gulbenkian, Galeria de Exposições Temporárias, Lisboa, 1972, Cat. p.120 nº150;
&#8220;Centenário de Nascimento Arpad Szenes&#8221;, Fundação Calouste Gulbenkian/Fundação Arpad Szenes &#8211; Vieira da Silva&#8221;, Lisboa, 1997, Cat. p.108.

Literature:
Chiara Calzetta Jaeger, &#8220;Arpad Szenes, Catalogue Raisonné des Dessins et des Peintures&#8221;, Tome II, p. 574, AS65-032.

Provenance:
Jorge de Brito Collection;
Private Collection.

Oil on marouflé paper laid on canvas<br />
Signed<br />
<br />
100x65 cm

With Galeria Jeanne Bucher Paris label.<br />
<br />
Exhibitions:<br />
Galerie Alice Pauli, Lausanne, 1968, nº31;<br />
"Arpad Szenes", Fundação Calouste Gulbenkian, Galeria de Exposições Temporárias, Lisboa, 1972, Cat. p.120 nº150;<br />
"Centenário de Nascimento Arpad Szenes", Fundação Calouste Gulbenkian/Fundação Arpad Szenes - Vieira da Silva", Lisboa, 1997, Cat. p.108.<br />
<br />
Literature:<br />
Chiara Calzetta Jaeger, "Arpad Szenes, Catalogue Raisonné des Dessins et des Peintures", Tome II, p. 574, AS65-032.<br />
<br />
Provenance:<br />
Jorge de Brito Collection;<br />
Private Collection.
