{"id":63142,"date":"2017-09-21T13:10:06","date_gmt":"2017-09-21T13:10:06","guid":{"rendered":"https:\/\/veritas.art\/lot\/e-pa-isso-e-de-vanguarda-2\/"},"modified":"2017-09-21T13:10:06","modified_gmt":"2017-09-21T13:10:06","slug":"e-pa-isso-e-de-vanguarda-2","status":"publish","type":"lot","link":"https:\/\/veritas.art\/en\/lot\/e-pa-isso-e-de-vanguarda-2\/","title":{"rendered":"[Auction 55] Lot 38 &#8211; \u00c9 p\u00e1, isso \u00e9 de vanguarda!"},"content":{"rendered":"Acrylic on paper\nSigned and dated 93\n\n69&#215;98 cm","protected":false},"featured_media":63143,"template":"","categories":[47],"class_list":["post-63142","lot","type-lot","status-publish","has-post-thumbnail","hentry","category-modern-and-contemporary-art","author-pedro-proenca"],"acf":{"auction_number":"55","number":"38","letter":"0","ref":"38","price_on_request":false,"estimation_min":"600","estimation_max":"1000","show_hammer_value":true,"hammer_value":"0","author":1489,"gallery":[{"image":{"ID":63143,"id":63143,"title":"38","filename":"38.jpg","filesize":2000320,"url":"https:\/\/veritas.art\/wp-content\/uploads\/2016\/03\/2016-03-29-15-01-30\/38.jpg","link":"https:\/\/veritas.art\/en\/lot\/e-pa-isso-e-de-vanguarda\/38-44\/","alt":"","author":"0","description":"","caption":"","name":"38-44","status":"inherit","uploaded_to":63141,"date":"2017-09-21 13:10:08","modified":"2017-09-21 13:10:08","menu_order":0,"mime_type":"image\/jpeg","type":"image","subtype":"jpeg","icon":"https:\/\/veritas.art\/wp-includes\/images\/media\/default.png","width":1280,"height":892,"sizes":{"thumbnail":"https:\/\/veritas.art\/wp-content\/uploads\/2016\/03\/2016-03-29-15-01-30\/38-150x150.jpg","thumbnail-width":150,"thumbnail-height":150,"medium":"https:\/\/veritas.art\/wp-content\/uploads\/2016\/03\/2016-03-29-15-01-30\/38-300x209.jpg","medium-width":300,"medium-height":209,"medium_large":"https:\/\/veritas.art\/wp-content\/uploads\/2016\/03\/2016-03-29-15-01-30\/38-768x535.jpg","medium_large-width":768,"medium_large-height":535,"large":"https:\/\/veritas.art\/wp-content\/uploads\/2016\/03\/2016-03-29-15-01-30\/38-640x446.jpg","large-width":640,"large-height":446,"1536x1536":"https:\/\/veritas.art\/wp-content\/uploads\/2016\/03\/2016-03-29-15-01-30\/38.jpg","1536x1536-width":1280,"1536x1536-height":892,"2048x2048":"https:\/\/veritas.art\/wp-content\/uploads\/2016\/03\/2016-03-29-15-01-30\/38.jpg","2048x2048-width":1280,"2048x2048-height":892,"v_medium":"https:\/\/veritas.art\/wp-content\/uploads\/2016\/03\/2016-03-29-15-01-30\/38-640x446.jpg","v_medium-width":640,"v_medium-height":446,"gform-image-choice-sm":"https:\/\/veritas.art\/wp-content\/uploads\/2016\/03\/2016-03-29-15-01-30\/38.jpg","gform-image-choice-sm-width":300,"gform-image-choice-sm-height":209,"gform-image-choice-md":"https:\/\/veritas.art\/wp-content\/uploads\/2016\/03\/2016-03-29-15-01-30\/38.jpg","gform-image-choice-md-width":400,"gform-image-choice-md-height":279,"gform-image-choice-lg":"https:\/\/veritas.art\/wp-content\/uploads\/2016\/03\/2016-03-29-15-01-30\/38.jpg","gform-image-choice-lg-width":600,"gform-image-choice-lg-height":418}},"is_video":false,"video_source":"","video_id":"","use_video_thumbnail":true}],"auction":{"ID":13911,"post_author":"1","post_date":"2015-12-30 00:00:00","post_date_gmt":"2015-12-30 00:00:00","post_content":"","post_title":"Auction 55 - Modern &amp; Contemporary Art","post_excerpt":"","post_status":"publish","comment_status":"closed","ping_status":"closed","post_password":"","post_name":"modern-contemporary-art-7","to_ping":"","pinged":"","post_modified":"2017-10-31 16:46:24","post_modified_gmt":"2017-10-31 16:46:24","post_content_filtered":"","post_parent":0,"guid":"https:\/\/veritas.art\/auction\/modern-contemporary-art\/","menu_order":0,"post_type":"auction","post_mime_type":"","comment_count":"0","filter":"raw"},"name":"\"\u00c9 p\u00e1, isso \u00e9 de vanguarda!\"","description":"Acrylic on paper<br \/>\nSigned and dated 93<br \/>\n<br \/>\n69x98 cm","additional_info":false,"tags":"Pedro Proen\u00e7a, Modern and Contemporary Art"},"_links":{"self":[{"href":"https:\/\/veritas.art\/en\/wp-json\/wp\/v2\/lot\/63142","targetHints":{"allow":["GET"]}}],"collection":[{"href":"https:\/\/veritas.art\/en\/wp-json\/wp\/v2\/lot"}],"about":[{"href":"https:\/\/veritas.art\/en\/wp-json\/wp\/v2\/types\/lot"}],"wp:featuredmedia":[{"embeddable":true,"href":"https:\/\/veritas.art\/en\/wp-json\/wp\/v2\/media\/63143"}],"wp:attachment":[{"href":"https:\/\/veritas.art\/en\/wp-json\/wp\/v2\/media?parent=63142"}],"wp:term":[{"taxonomy":"category","embeddable":true,"href":"https:\/\/veritas.art\/en\/wp-json\/wp\/v2\/categories?post=63142"}],"curies":[{"name":"wp","href":"https:\/\/api.w.org\/{rel}","templated":true}]}}

[Auction 55] Lot 38 &#8211; É pá, isso é de vanguarda!

"É pá, isso é de vanguarda!"

Pedro Proença, Modern and Contemporary Art
