{"id":358181,"date":"2025-12-02T22:29:54","date_gmt":"2025-12-02T22:29:54","guid":{"rendered":"https:\/\/veritas.art\/lot\/a-pair-of-portraits-of-joao-lopes-ferraz-de-beca-1759-1831-and-d-maria-clara-joaquina-1731-1363261696\/"},"modified":"2025-12-02T22:29:54","modified_gmt":"2025-12-02T22:29:54","slug":"a-pair-of-portraits-of-joao-lopes-ferraz-de-beca-1759-1831-and-d-maria-clara-joaquina-1731-1363261696","status":"publish","type":"lot","link":"https:\/\/veritas.art\/en\/lot\/a-pair-of-portraits-of-joao-lopes-ferraz-de-beca-1759-1831-and-d-maria-clara-joaquina-1731-1363261696\/","title":{"rendered":"[Auction 155] Lot 308 &#8211; A pair of portraits of Jo\u00e3o Lopes Ferraz de Be\u00e7a (1759-1831) and D. Maria Clara Joaquina (1731-?)"},"content":{"rendered":"Oil on canvas\nInscriptions on verso: &#8220;Jo\u00e3o Lopes Ferras de Be\u00e7a Copiado no anno de 1788 de id.e de 29 annos&#8221; and &#8220;D. M\u00aa Clara Joaquina. Copiada no anno de 1788 de id.e de 56 annos.&#8221;","protected":false},"featured_media":360777,"template":"","categories":[52],"class_list":["post-358181","lot","type-lot","status-publish","has-post-thumbnail","hentry","category-pintura","author-joao-glama-stroberle-attrib"],"acf":{"auction_number":"155","number":"308","ref":"308","letter":"0","hammer_value":"0","show_hammer_value":true,"estimation_min":"20000","estimation_max":"40000","price_on_request":false,"author":4510,"auction":{"ID":357312,"post_author":"5529","post_date":"2025-11-05 12:28:06","post_date_gmt":"2025-11-05 12:28:06","post_content":"","post_title":"Auction 155 - Antiques & Works of Art, Silver & Jewellery","post_excerpt":"","post_status":"publish","comment_status":"closed","ping_status":"closed","post_password":"","post_name":"antiguidades-e-obras-de-arte-pratas-e-joias","to_ping":"","pinged":"","post_modified":"2025-12-19 18:45:18","post_modified_gmt":"2025-12-19 18:45:18","post_content_filtered":"","post_parent":0,"guid":"https:\/\/veritas.art\/?post_type=auction&#038;p=357312","menu_order":0,"post_type":"auction","post_mime_type":"","comment_count":"0","filter":"raw"},"name":"A pair of portraits of Jo\u00e3o Lopes Ferraz de Be\u00e7a (1759-1831) and D. Maria Clara Joaquina (1731-?)","dimensions":"102x82 cm","description":"Oil on canvas<br \/>\nInscriptions on verso: \"Jo\u00e3o Lopes Ferras de Be\u00e7a Copiado no anno de 1788 de id.e de 29 annos\" and \"D. M\u00aa Clara Joaquina. Copiada no anno de 1788 de id.e de 56 annos.\"","additional_info":[{"title":"Additional Information","text":"This lot includes the portraits of Jo\u00e3o Lopes Ferraz de Be\u00e7a and his paternal grandmother, D. Maria Clara Joaquina (1731\u2013?), prominent figures in Porto society at the end of the 18th century.<br \/>\nJo\u00e3o Lopes Ferraz de Be\u00e7a, Knight Professed of the Order of Christ and Apostolic Syndic of the Royal Convent of Santo Ant\u00f3nio in the City of Porto, belonged to an influential family of merchants and almotac\u00e9s, connected to the firm \"Ferraz, Filho e Correia\", which dominated the trade in ceramics, textiles, wines and other goods exported via the Douro.<br \/>\nThe portraits date from 1788, a period when the Ferraz de Be\u00e7a family was at the height of its economic and social prominence. At this time, the patriarch Jo\u00e3o Lopes Ferraz and his wife D. Maria Br\u00e1zida de Be\u00e7a Ferraz were already owners of the Quinta da China, one of the most notable properties on the right bank of the Douro. The quinta had been inherited by D. Maria Br\u00e1zida from her parents, Francisco de Be\u00e7a Teixeira and Mariana Jacinta, and was distinguished by its privileged location, walled gardens and manor house architecture.<br \/>\nAssociated with the trade in porcelain and textiles from the Orient \u2014 the probable origin of its name \u2014 the Quinta da China would play a significant role in notable episodes in Porto's history, particularly during the French invasions and the liberal siege of 1832.<br \/>\nThe portraits of Jo\u00e3o Lopes Ferraz de Be\u00e7a and D. Maria Clara Joaquina are attributed to Jo\u00e3o Glama Str\u00f6berle (1708\u20131792), a painter born in Lisbon but active for much of his career in Porto. The attribution is based on stylistic comparison with other portraits recently appearing on the market, in which a monogram presumed to be the signature of this artist has been identified. These works constitute testimony to the social and economic assertion of a rising merchant bourgeoisie, reflecting the taste, status and self-perception of an elite that combined economic power with moral and religious distinction.<br \/>\n<br \/>\nProvenance:<br \/>\nQuinta da China, Porto."}],"tags":"Paintings","auction_session":"2","gallery":[{"image":{"ID":360777,"id":360777,"title":"155_308","filename":"308-scaled.jpg","filesize":1331582,"url":"https:\/\/veritas.art\/wp-content\/uploads\/2025\/12\/308-scaled.jpg","link":"https:\/\/veritas.art\/en\/lot\/par-de-retratos-de-joao-lopes-ferraz-de-beca-1759-1831-e-d-maria-clara-joaquina-1731-2069542093\/155_308\/","alt":"","author":"5529","description":"","caption":"","name":"155_308","status":"inherit","uploaded_to":358180,"date":"2025-12-03 16:55:04","modified":"2025-12-03 16:55:15","menu_order":0,"mime_type":"image\/jpeg","type":"image","subtype":"jpeg","icon":"https:\/\/veritas.art\/wp-includes\/images\/media\/default.png","width":2221,"height":2560,"sizes":{"thumbnail":"https:\/\/veritas.art\/wp-content\/uploads\/2025\/12\/308-150x150.jpg","thumbnail-width":150,"thumbnail-height":150,"medium":"https:\/\/veritas.art\/wp-content\/uploads\/2025\/12\/308-scaled.jpg","medium-width":260,"medium-height":300,"medium_large":"https:\/\/veritas.art\/wp-content\/uploads\/2025\/12\/308-scaled.jpg","medium_large-width":768,"medium_large-height":885,"large":"https:\/\/veritas.art\/wp-content\/uploads\/2025\/12\/308-scaled.jpg","large-width":888,"large-height":1024,"1536x1536":"https:\/\/veritas.art\/wp-content\/uploads\/2025\/12\/308-1333x1536.jpg","1536x1536-width":1333,"1536x1536-height":1536,"2048x2048":"https:\/\/veritas.art\/wp-content\/uploads\/2025\/12\/308-1777x2048.jpg","2048x2048-width":1777,"2048x2048-height":2048,"v_medium":"https:\/\/veritas.art\/wp-content\/uploads\/2025\/12\/308-640x738.jpg","v_medium-width":640,"v_medium-height":738,"gform-image-choice-sm":"https:\/\/veritas.art\/wp-content\/uploads\/2025\/12\/308-scaled.jpg","gform-image-choice-sm-width":260,"gform-image-choice-sm-height":300,"gform-image-choice-md":"https:\/\/veritas.art\/wp-content\/uploads\/2025\/12\/308-scaled.jpg","gform-image-choice-md-width":347,"gform-image-choice-md-height":400,"gform-image-choice-lg":"https:\/\/veritas.art\/wp-content\/uploads\/2025\/12\/308-scaled.jpg","gform-image-choice-lg-width":521,"gform-image-choice-lg-height":600}},"is_video":false,"video_source":"","video_id":"","use_video_thumbnail":true},{"image":{"ID":360779,"id":360779,"title":"155_308a","filename":"308a-scaled.jpg","filesize":1322926,"url":"https:\/\/veritas.art\/wp-content\/uploads\/2025\/12\/308a-scaled.jpg","link":"https:\/\/veritas.art\/en\/lot\/par-de-retratos-de-joao-lopes-ferraz-de-beca-1759-1831-e-d-maria-clara-joaquina-1731-2069542093\/155_308a\/","alt":"","author":"5529","description":"","caption":"","name":"155_308a","status":"inherit","uploaded_to":358180,"date":"2025-12-03 16:55:16","modified":"2025-12-03 16:55:25","menu_order":0,"mime_type":"image\/jpeg","type":"image","subtype":"jpeg","icon":"https:\/\/veritas.art\/wp-includes\/images\/media\/default.png","width":2228,"height":2560,"sizes":{"thumbnail":"https:\/\/veritas.art\/wp-content\/uploads\/2025\/12\/308a-150x150.jpg","thumbnail-width":150,"thumbnail-height":150,"medium":"https:\/\/veritas.art\/wp-content\/uploads\/2025\/12\/308a-scaled.jpg","medium-width":261,"medium-height":300,"medium_large":"https:\/\/veritas.art\/wp-content\/uploads\/2025\/12\/308a-scaled.jpg","medium_large-width":768,"medium_large-height":882,"large":"https:\/\/veritas.art\/wp-content\/uploads\/2025\/12\/308a-scaled.jpg","large-width":891,"large-height":1024,"1536x1536":"https:\/\/veritas.art\/wp-content\/uploads\/2025\/12\/308a-1337x1536.jpg","1536x1536-width":1337,"1536x1536-height":1536,"2048x2048":"https:\/\/veritas.art\/wp-content\/uploads\/2025\/12\/308a-1783x2048.jpg","2048x2048-width":1783,"2048x2048-height":2048,"v_medium":"https:\/\/veritas.art\/wp-content\/uploads\/2025\/12\/308a-640x735.jpg","v_medium-width":640,"v_medium-height":735,"gform-image-choice-sm":"https:\/\/veritas.art\/wp-content\/uploads\/2025\/12\/308a-scaled.jpg","gform-image-choice-sm-width":261,"gform-image-choice-sm-height":300,"gform-image-choice-md":"https:\/\/veritas.art\/wp-content\/uploads\/2025\/12\/308a-scaled.jpg","gform-image-choice-md-width":348,"gform-image-choice-md-height":400,"gform-image-choice-lg":"https:\/\/veritas.art\/wp-content\/uploads\/2025\/12\/308a-scaled.jpg","gform-image-choice-lg-width":522,"gform-image-choice-lg-height":600}},"is_video":false,"video_source":"","video_id":"","use_video_thumbnail":true}]},"_links":{"self":[{"href":"https:\/\/veritas.art\/en\/wp-json\/wp\/v2\/lot\/358181","targetHints":{"allow":["GET"]}}],"collection":[{"href":"https:\/\/veritas.art\/en\/wp-json\/wp\/v2\/lot"}],"about":[{"href":"https:\/\/veritas.art\/en\/wp-json\/wp\/v2\/types\/lot"}],"wp:featuredmedia":[{"embeddable":true,"href":"https:\/\/veritas.art\/en\/wp-json\/wp\/v2\/media\/360777"}],"wp:attachment":[{"href":"https:\/\/veritas.art\/en\/wp-json\/wp\/v2\/media?parent=358181"}],"wp:term":[{"taxonomy":"category","embeddable":true,"href":"https:\/\/veritas.art\/en\/wp-json\/wp\/v2\/categories?post=358181"}],"curies":[{"name":"wp","href":"https:\/\/api.w.org\/{rel}","templated":true}]}}

[Auction 155] Lot 308 &#8211; A pair of portraits of João Lopes Ferraz de Beça (1759-1831) and D. Maria Clara Joaquina (1731-?)

Oil on canvas
Inscriptions on verso: &#8220;João Lopes Ferras de Beça Copiado no anno de 1788 de id.e de 29 annos&#8221; and &#8220;D. Mª Clara Joaquina. Copiada no anno de 1788 de id.e de 56 annos.&#8221;

A pair of portraits of João Lopes Ferraz de Beça (1759-1831) and D. Maria Clara Joaquina (1731-?)

Oil on canvas<br />
Inscriptions on verso: "João Lopes Ferras de Beça Copiado no anno de 1788 de id.e de 29 annos" and "D. Mª Clara Joaquina. Copiada no anno de 1788 de id.e de 56 annos."

This lot includes the portraits of João Lopes Ferraz de Beça and his paternal grandmother, D. Maria Clara Joaquina (1731–?), prominent figures in Porto society at the end of the 18th century.<br />
João Lopes Ferraz de Beça, Knight Professed of the Order of Christ and Apostolic Syndic of the Royal Convent of Santo António in the City of Porto, belonged to an influential family of merchants and almotacés, connected to the firm "Ferraz, Filho e Correia", which dominated the trade in ceramics, textiles, wines and other goods exported via the Douro.<br />
The portraits date from 1788, a period when the Ferraz de Beça family was at the height of its economic and social prominence. At this time, the patriarch João Lopes Ferraz and his wife D. Maria Brázida de Beça Ferraz were already owners of the Quinta da China, one of the most notable properties on the right bank of the Douro. The quinta had been inherited by D. Maria Brázida from her parents, Francisco de Beça Teixeira and Mariana Jacinta, and was distinguished by its privileged location, walled gardens and manor house architecture.<br />
Associated with the trade in porcelain and textiles from the Orient — the probable origin of its name — the Quinta da China would play a significant role in notable episodes in Porto's history, particularly during the French invasions and the liberal siege of 1832.<br />
The portraits of João Lopes Ferraz de Beça and D. Maria Clara Joaquina are attributed to João Glama Ströberle (1708–1792), a painter born in Lisbon but active for much of his career in Porto. The attribution is based on stylistic comparison with other portraits recently appearing on the market, in which a monogram presumed to be the signature of this artist has been identified. These works constitute testimony to the social and economic assertion of a rising merchant bourgeoisie, reflecting the taste, status and self-perception of an elite that combined economic power with moral and religious distinction.<br />
<br />
Provenance:<br />
Quinta da China, Porto.
