{"id":333709,"date":"2025-03-05T13:11:16","date_gmt":"2025-03-05T13:11:16","guid":{"rendered":"https:\/\/veritas.art\/lot\/study-for-the-painting-a-salmeja-1898139999\/"},"modified":"2025-03-05T13:11:16","modified_gmt":"2025-03-05T13:11:16","slug":"study-for-the-painting-a-salmeja-1898139999","status":"publish","type":"lot","link":"https:\/\/veritas.art\/en\/lot\/study-for-the-painting-a-salmeja-1898139999\/","title":{"rendered":"[Auction 148] Lot 842 &#8211; Study for the painting &#8220;A Salmeja&#8221;"},"content":{"rendered":"Oil on wood\nUnsigned\nVerso with auction stamp SILVA PORTO &#8211; 1893","protected":false},"featured_media":336906,"template":"","categories":[52],"class_list":["post-333709","lot","type-lot","status-publish","has-post-thumbnail","hentry","category-pintura","author-silva-porto"],"acf":{"auction_number":"148","number":"842","ref":"842","letter":"0","hammer_value":"0","show_hammer_value":true,"estimation_min":"10000","estimation_max":"20000","price_on_request":false,"author":2317,"auction":{"ID":328443,"post_author":"44","post_date":"2024-12-10 17:10:12","post_date_gmt":"2024-12-10 17:10:12","post_content":"","post_title":"Auction 148 - Antiques & Works of Art, Silver & Jewellery+The Imaginary World of Luiz Ferreira: A Private Collection","post_excerpt":"","post_status":"publish","comment_status":"closed","ping_status":"closed","post_password":"","post_name":"auction-148-antiques-works-of-art-silver-jewellery","to_ping":"","pinged":"","post_modified":"2025-03-19 15:50:18","post_modified_gmt":"2025-03-19 15:50:18","post_content_filtered":"","post_parent":0,"guid":"https:\/\/veritas.art\/?post_type=auction&#038;p=328443","menu_order":0,"post_type":"auction","post_mime_type":"","comment_count":"0","filter":"raw"},"name":"Study for the painting \"A Salmeja\"","dimensions":"37x55,5 cm","description":"Oil on wood<br \/>\nUnsigned<br \/>\nVerso with auction stamp SILVA PORTO - 1893","additional_info":[{"title":"Additional Information","text":"Nota:<br \/>\nO verso da obra est\u00e1 autenticado por Varela Aldemira em 1974 e por M\u00e1rio Eduardo Passos Reis  em junho do mesmo ano. Adicionalmente, uma inscri\u00e7\u00e3o de Dora da Concei\u00e7\u00e3o Torres Pereira confirma que a obra pertenceu ao seu tio-av\u00f4, Artur Torres Pereira, permanecendo na posse da fam\u00edlia at\u00e9 julho de 1974<br \/>\n<br \/>\nBibliografia:<br \/>\nALDEMIRA, Lu\u00eds Varela. Silva Porto Estampas, Realiza\u00e7\u00f5es Artis, Lisboa, 1954, Estampa LII"}],"tags":"Paintings","auction_session":"3","gallery":[{"image":{"ID":336906,"id":336906,"title":"148_842","filename":"842-scaled.jpg","filesize":1404295,"url":"https:\/\/veritas.art\/wp-content\/uploads\/2025\/03\/842-scaled.jpg","link":"https:\/\/veritas.art\/en\/lot\/estudo-para-a-pintura-a-salmeja-496034487\/148_842\/","alt":"","author":"5528","description":"","caption":"","name":"148_842","status":"inherit","uploaded_to":333708,"date":"2025-03-05 18:35:42","modified":"2025-03-05 18:35:47","menu_order":0,"mime_type":"image\/jpeg","type":"image","subtype":"jpeg","icon":"https:\/\/veritas.art\/wp-includes\/images\/media\/default.png","width":2560,"height":1897,"sizes":{"thumbnail":"https:\/\/veritas.art\/wp-content\/uploads\/2025\/03\/842-150x150.jpg","thumbnail-width":150,"thumbnail-height":150,"medium":"https:\/\/veritas.art\/wp-content\/uploads\/2025\/03\/842-scaled.jpg","medium-width":300,"medium-height":222,"medium_large":"https:\/\/veritas.art\/wp-content\/uploads\/2025\/03\/842-scaled.jpg","medium_large-width":768,"medium_large-height":569,"large":"https:\/\/veritas.art\/wp-content\/uploads\/2025\/03\/842-scaled.jpg","large-width":1024,"large-height":759,"1536x1536":"https:\/\/veritas.art\/wp-content\/uploads\/2025\/03\/842-1536x1138.jpg","1536x1536-width":1536,"1536x1536-height":1138,"2048x2048":"https:\/\/veritas.art\/wp-content\/uploads\/2025\/03\/842-2048x1517.jpg","2048x2048-width":2048,"2048x2048-height":1517,"v_medium":"https:\/\/veritas.art\/wp-content\/uploads\/2025\/03\/842-640x474.jpg","v_medium-width":640,"v_medium-height":474,"gform-image-choice-sm":"https:\/\/veritas.art\/wp-content\/uploads\/2025\/03\/842-scaled.jpg","gform-image-choice-sm-width":300,"gform-image-choice-sm-height":222,"gform-image-choice-md":"https:\/\/veritas.art\/wp-content\/uploads\/2025\/03\/842-scaled.jpg","gform-image-choice-md-width":400,"gform-image-choice-md-height":296,"gform-image-choice-lg":"https:\/\/veritas.art\/wp-content\/uploads\/2025\/03\/842-scaled.jpg","gform-image-choice-lg-width":600,"gform-image-choice-lg-height":445}},"is_video":false,"video_source":"","video_id":"","use_video_thumbnail":true}]},"_links":{"self":[{"href":"https:\/\/veritas.art\/en\/wp-json\/wp\/v2\/lot\/333709","targetHints":{"allow":["GET"]}}],"collection":[{"href":"https:\/\/veritas.art\/en\/wp-json\/wp\/v2\/lot"}],"about":[{"href":"https:\/\/veritas.art\/en\/wp-json\/wp\/v2\/types\/lot"}],"wp:featuredmedia":[{"embeddable":true,"href":"https:\/\/veritas.art\/en\/wp-json\/wp\/v2\/media\/336906"}],"wp:attachment":[{"href":"https:\/\/veritas.art\/en\/wp-json\/wp\/v2\/media?parent=333709"}],"wp:term":[{"taxonomy":"category","embeddable":true,"href":"https:\/\/veritas.art\/en\/wp-json\/wp\/v2\/categories?post=333709"}],"curies":[{"name":"wp","href":"https:\/\/api.w.org\/{rel}","templated":true}]}}

Nota:<br />
O verso da obra está autenticado por Varela Aldemira em 1974 e por Mário Eduardo Passos Reis  em junho do mesmo ano. Adicionalmente, uma inscrição de Dora da Conceição Torres Pereira confirma que a obra pertenceu ao seu tio-avô, Artur Torres Pereira, permanecendo na posse da família até julho de 1974<br />
<br />
Bibliografia:<br />
ALDEMIRA, Luís Varela. Silva Porto Estampas, Realizações Artis, Lisboa, 1954, Estampa LII
