{"id":333697,"date":"2025-03-05T13:11:06","date_gmt":"2025-03-05T13:11:06","guid":{"rendered":"https:\/\/veritas.art\/lot\/portrait-of-a-young-girl-1284163252\/"},"modified":"2025-03-05T13:11:06","modified_gmt":"2025-03-05T13:11:06","slug":"portrait-of-a-young-girl-1284163252","status":"publish","type":"lot","link":"https:\/\/veritas.art\/en\/lot\/portrait-of-a-young-girl-1284163252\/","title":{"rendered":"[Auction 148] Lot 836 &#8211; Portrait of a young girl"},"content":{"rendered":"Oil on panel\r\nSigned","protected":false},"featured_media":336894,"template":"","categories":[52],"class_list":["post-333697","lot","type-lot","status-publish","has-post-thumbnail","hentry","category-pintura","author-carlos-reis"],"acf":{"auction_number":"148","number":"836","ref":"836","letter":"0","hammer_value":"6500","show_hammer_value":true,"estimation_min":"5000","estimation_max":"8000","price_on_request":false,"author":2196,"auction":{"ID":328443,"post_author":"44","post_date":"2024-12-10 17:10:12","post_date_gmt":"2024-12-10 17:10:12","post_content":"","post_title":"Auction 148 - Antiques & Works of Art, Silver & Jewellery+The Imaginary World of Luiz Ferreira: A Private Collection","post_excerpt":"","post_status":"publish","comment_status":"closed","ping_status":"closed","post_password":"","post_name":"auction-148-antiques-works-of-art-silver-jewellery","to_ping":"","pinged":"","post_modified":"2025-03-19 15:50:18","post_modified_gmt":"2025-03-19 15:50:18","post_content_filtered":"","post_parent":0,"guid":"https:\/\/veritas.art\/?post_type=auction&#038;p=328443","menu_order":0,"post_type":"auction","post_mime_type":"","comment_count":"0","filter":"raw"},"name":"Portrait of a young girl","dimensions":"39x25 cm","description":"Oil on panel<br \/>\r\nSigned","additional_info":[{"title":"Additional Information","text":"Nota:<br \/>\nA figura representada neste quadro de Carlos Reis, caracterizada pelo len\u00e7o vermelho e pelas vestes simples, remete para a tradi\u00e7\u00e3o naturalista de retratar personagens do quotidiano com forte carga emocional e simb\u00f3lica. Este tema, amplamente explorado pelo autor, encontra paralelos em obras de Ant\u00f3nio Carvalho da Silva Porto, como o quadro \"Costume de Capri (Cabe\u00e7a)\", datado de 1877 e pertencente ao Museu Nacional Soares dos Reis. Embora n\u00e3o se possa estabelecer uma liga\u00e7\u00e3o direta entre os dois trabalhos, a proximidade tem\u00e1tica e estil\u00edstica reflete a influ\u00eancia do mestre sobre o disc\u00edpulo, evocando a partilha de sensibilidades pr\u00f3prias do movimento naturalista."}],"tags":"Paintings","auction_session":"3","gallery":[{"image":{"ID":336894,"id":336894,"title":"148_836","filename":"836-scaled.jpg","filesize":1219531,"url":"https:\/\/veritas.art\/wp-content\/uploads\/2025\/03\/836-scaled.jpg","link":"https:\/\/veritas.art\/en\/lot\/retrato-de-jovem-camponesa-1249073352\/148_836\/","alt":"","author":"5528","description":"","caption":"","name":"148_836","status":"inherit","uploaded_to":333696,"date":"2025-03-05 18:34:53","modified":"2025-03-05 18:35:00","menu_order":0,"mime_type":"image\/jpeg","type":"image","subtype":"jpeg","icon":"https:\/\/veritas.art\/wp-includes\/images\/media\/default.png","width":2085,"height":2560,"sizes":{"thumbnail":"https:\/\/veritas.art\/wp-content\/uploads\/2025\/03\/836-150x150.jpg","thumbnail-width":150,"thumbnail-height":150,"medium":"https:\/\/veritas.art\/wp-content\/uploads\/2025\/03\/836-scaled.jpg","medium-width":244,"medium-height":300,"medium_large":"https:\/\/veritas.art\/wp-content\/uploads\/2025\/03\/836-scaled.jpg","medium_large-width":768,"medium_large-height":943,"large":"https:\/\/veritas.art\/wp-content\/uploads\/2025\/03\/836-scaled.jpg","large-width":834,"large-height":1024,"1536x1536":"https:\/\/veritas.art\/wp-content\/uploads\/2025\/03\/836-1251x1536.jpg","1536x1536-width":1251,"1536x1536-height":1536,"2048x2048":"https:\/\/veritas.art\/wp-content\/uploads\/2025\/03\/836-1668x2048.jpg","2048x2048-width":1668,"2048x2048-height":2048,"v_medium":"https:\/\/veritas.art\/wp-content\/uploads\/2025\/03\/836-640x786.jpg","v_medium-width":640,"v_medium-height":786,"gform-image-choice-sm":"https:\/\/veritas.art\/wp-content\/uploads\/2025\/03\/836-scaled.jpg","gform-image-choice-sm-width":244,"gform-image-choice-sm-height":300,"gform-image-choice-md":"https:\/\/veritas.art\/wp-content\/uploads\/2025\/03\/836-scaled.jpg","gform-image-choice-md-width":326,"gform-image-choice-md-height":400,"gform-image-choice-lg":"https:\/\/veritas.art\/wp-content\/uploads\/2025\/03\/836-scaled.jpg","gform-image-choice-lg-width":489,"gform-image-choice-lg-height":600}},"is_video":false,"video_source":"","video_id":"","use_video_thumbnail":true}]},"_links":{"self":[{"href":"https:\/\/veritas.art\/en\/wp-json\/wp\/v2\/lot\/333697","targetHints":{"allow":["GET"]}}],"collection":[{"href":"https:\/\/veritas.art\/en\/wp-json\/wp\/v2\/lot"}],"about":[{"href":"https:\/\/veritas.art\/en\/wp-json\/wp\/v2\/types\/lot"}],"wp:featuredmedia":[{"embeddable":true,"href":"https:\/\/veritas.art\/en\/wp-json\/wp\/v2\/media\/336894"}],"wp:attachment":[{"href":"https:\/\/veritas.art\/en\/wp-json\/wp\/v2\/media?parent=333697"}],"wp:term":[{"taxonomy":"category","embeddable":true,"href":"https:\/\/veritas.art\/en\/wp-json\/wp\/v2\/categories?post=333697"}],"curies":[{"name":"wp","href":"https:\/\/api.w.org\/{rel}","templated":true}]}}

Nota:<br />
A figura representada neste quadro de Carlos Reis, caracterizada pelo lenço vermelho e pelas vestes simples, remete para a tradição naturalista de retratar personagens do quotidiano com forte carga emocional e simbólica. Este tema, amplamente explorado pelo autor, encontra paralelos em obras de António Carvalho da Silva Porto, como o quadro "Costume de Capri (Cabeça)", datado de 1877 e pertencente ao Museu Nacional Soares dos Reis. Embora não se possa estabelecer uma ligação direta entre os dois trabalhos, a proximidade temática e estilística reflete a influência do mestre sobre o discípulo, evocando a partilha de sensibilidades próprias do movimento naturalista.
