{"id":324368,"date":"2024-12-03T23:35:01","date_gmt":"2024-12-03T23:35:01","guid":{"rendered":"https:\/\/veritas.art\/lot\/bust-of-the-1st-marquess-of-sa-da-bandeira-581577727\/"},"modified":"2024-12-06T12:12:14","modified_gmt":"2024-12-06T12:12:14","slug":"bust-of-the-1st-marquess-of-sa-da-bandeira-581577727","status":"publish","type":"lot","link":"https:\/\/veritas.art\/en\/lot\/bust-of-the-1st-marquess-of-sa-da-bandeira-581577727\/","title":{"rendered":"[Auction 146] Lot 759 &#8211; Bust of the 1st Marquess of S\u00e1 da Bandeira"},"content":{"rendered":"White marble sculpture\r\nBlack marble column\r\nSigned and dated 1883","protected":false},"featured_media":328143,"template":"","categories":[49],"class_list":["post-324368","lot","type-lot","status-publish","has-post-thumbnail","hentry","category-sculpture","author-maria-luisa-de-sousa-holstein-3-a-duquesa-de-palmela"],"acf":{"auction_number":"146","number":"759","ref":"759","letter":"0","hammer_value":"20000","show_hammer_value":true,"estimation_min":"20000","estimation_max":"40000","price_on_request":false,"author":3512,"auction":{"ID":321774,"post_author":"44","post_date":"2024-11-29 12:00:29","post_date_gmt":"2024-11-29 12:00:29","post_content":"","post_title":"Auction 146 - Antiques & Works of Art, Silver & Jewellery","post_excerpt":"","post_status":"publish","comment_status":"closed","ping_status":"closed","post_password":"","post_name":"auction-146-antiques-works-of-art-silver-jewellery","to_ping":"","pinged":"","post_modified":"2024-12-18 17:36:42","post_modified_gmt":"2024-12-18 17:36:42","post_content_filtered":"","post_parent":0,"guid":"https:\/\/veritas.art\/?post_type=auction&#038;p=321774","menu_order":0,"post_type":"auction","post_mime_type":"","comment_count":"0","filter":"raw"},"name":"Bust of the 1st Marquess of S\u00e1 da Bandeira","dimensions":"Height: 92 cm (busto)<br \/>\r\nHeight: 105 cm (coluna)","description":"White marble sculpture<br \/>\r\nBlack marble column <br \/>\r\nSigned and dated 1883","additional_info":[{"title":"Additional Information","text":"Provenance:<br \/>\r\nFormer Dukes of Palmela collection<br \/>\r\n<br \/>\r\n"},{"title":"","text":"In 1880, the sculptor Maria Lu\u00edsa de Sousa Holstein exhibited a bust of the Marqu\u00eas de S\u00e1 da Bandeira, at the Exhibition of Fine Arts, which was highlighted by Ramalho Ortig\u00e3o in the newspaper Di\u00e1rio da Manh\u00e3 on<br \/>\r\nJuly 23 of that year. According to Sandra Costa Saldanha, the main scholar of this sculptor's artistic work, it is \u201ca first version\u201d for a second bust, also in marble, which was offered by the author to the Military Museum of Lisbon in 1883. Later, in 1909, a copy of the same sculpture was made, offered to the Geographical Society.<br \/>\r\nAlthough dated 1883, everything leads us to believe that the work under analysis, which remained in the collections of Maria Lu\u00edsa's family, is the aforementioned \u201cfirst version\u201d exhibited in 1880, and it can be admitted that the creation of the Military Museum's version motivated her to only sign and date the first piece.<br \/>\r\nComparing the two sculptures, they coincide almost entirely in the representation of the bust, dressed and decorated with military insignia, but they differ in the arrangement of the face, looking at the viewer, in the \u201cfirst version,\u201d and looking up, in the second. But both manifest the same stylistic values: the excellent mastery of technicalities, in accordance with the naturalism that characterizes the last phase of European academic sculpture; the taste of capturing and representing physiognomic resemblance without any idealization of the model. With these options, the final portrait is a memory and a tribute to one of the most respected statesmen of Portuguese monarchical liberalism who died in 1876.<br \/>\r\nMaria Lu\u00edsa de Sousa Holstein considers herself, in this and other works, to be, using the words of Ramalho Ortig\u00e3o, \u201can artist in the most beautiful sense of the word\u201d, in fact the only woman sculptor who was at the same level as her colleagues, all of whom men, from Anatole Calmels to Ant\u00f3nio Teixeira Lopes.<br \/>\r\n<br \/>\r\nRaquel Henriques da Silva"}],"tags":"Sculpture","gallery":[{"image":{"ID":328339,"id":328339,"title":"146_759b","filename":"759b-1.jpg","filesize":29410702,"url":"https:\/\/veritas.art\/wp-content\/uploads\/2024\/12\/759b-1.jpg","link":"https:\/\/veritas.art\/en\/lot\/busto-do-1o-marques-de-sa-da-bandeira-1230607787\/146_759b-2\/","alt":"","author":"5529","description":"","caption":"","name":"146_759b-2","status":"inherit","uploaded_to":324367,"date":"2024-12-06 12:08:48","modified":"2024-12-06 12:09:09","menu_order":0,"mime_type":"image\/jpeg","type":"image","subtype":"jpeg","icon":"https:\/\/veritas.art\/wp-includes\/images\/media\/default.png","width":5984,"height":8285,"sizes":{"thumbnail":"https:\/\/veritas.art\/wp-content\/uploads\/2024\/12\/759b-1-150x150.jpg","thumbnail-width":150,"thumbnail-height":150,"medium":"https:\/\/veritas.art\/wp-content\/uploads\/2024\/12\/759b-1.jpg","medium-width":217,"medium-height":300,"medium_large":"https:\/\/veritas.art\/wp-content\/uploads\/2024\/12\/759b-1.jpg","medium_large-width":768,"medium_large-height":1063,"large":"https:\/\/veritas.art\/wp-content\/uploads\/2024\/12\/759b-1.jpg","large-width":740,"large-height":1024,"1536x1536":"https:\/\/veritas.art\/wp-content\/uploads\/2024\/12\/759b-1.jpg","1536x1536-width":1109,"1536x1536-height":1536,"2048x2048":"https:\/\/veritas.art\/wp-content\/uploads\/2024\/12\/759b-1.jpg","2048x2048-width":1479,"2048x2048-height":2048,"v_medium":"https:\/\/veritas.art\/wp-content\/uploads\/2024\/12\/759b-1-640x886.jpg","v_medium-width":640,"v_medium-height":886,"gform-image-choice-sm":"https:\/\/veritas.art\/wp-content\/uploads\/2024\/12\/759b-1.jpg","gform-image-choice-sm-width":217,"gform-image-choice-sm-height":300,"gform-image-choice-md":"https:\/\/veritas.art\/wp-content\/uploads\/2024\/12\/759b-1.jpg","gform-image-choice-md-width":289,"gform-image-choice-md-height":400,"gform-image-choice-lg":"https:\/\/veritas.art\/wp-content\/uploads\/2024\/12\/759b-1.jpg","gform-image-choice-lg-width":433,"gform-image-choice-lg-height":600}},"is_video":false,"video_source":"","video_id":"","use_video_thumbnail":true},{"image":{"ID":328142,"id":328142,"title":"146_759","filename":"759-1.jpg","filesize":24379814,"url":"https:\/\/veritas.art\/wp-content\/uploads\/2024\/12\/759-1.jpg","link":"https:\/\/veritas.art\/en\/lot\/busto-do-1o-marques-de-sa-da-bandeira-1230607787\/146_759-2\/","alt":"","author":"44","description":"","caption":"","name":"146_759-2","status":"inherit","uploaded_to":324367,"date":"2024-12-04 13:00:13","modified":"2024-12-04 13:00:36","menu_order":0,"mime_type":"image\/jpeg","type":"image","subtype":"jpeg","icon":"https:\/\/veritas.art\/wp-includes\/images\/media\/default.png","width":6196,"height":7958,"sizes":{"thumbnail":"https:\/\/veritas.art\/wp-content\/uploads\/2024\/12\/759-1-150x150.jpg","thumbnail-width":150,"thumbnail-height":150,"medium":"https:\/\/veritas.art\/wp-content\/uploads\/2024\/12\/759-1.jpg","medium-width":234,"medium-height":300,"medium_large":"https:\/\/veritas.art\/wp-content\/uploads\/2024\/12\/759-1.jpg","medium_large-width":768,"medium_large-height":986,"large":"https:\/\/veritas.art\/wp-content\/uploads\/2024\/12\/759-1.jpg","large-width":797,"large-height":1024,"1536x1536":"https:\/\/veritas.art\/wp-content\/uploads\/2024\/12\/759-1.jpg","1536x1536-width":1196,"1536x1536-height":1536,"2048x2048":"https:\/\/veritas.art\/wp-content\/uploads\/2024\/12\/759-1.jpg","2048x2048-width":1595,"2048x2048-height":2048,"v_medium":"https:\/\/veritas.art\/wp-content\/uploads\/2024\/12\/759-1-640x822.jpg","v_medium-width":640,"v_medium-height":822,"gform-image-choice-sm":"https:\/\/veritas.art\/wp-content\/uploads\/2024\/12\/759-1.jpg","gform-image-choice-sm-width":234,"gform-image-choice-sm-height":300,"gform-image-choice-md":"https:\/\/veritas.art\/wp-content\/uploads\/2024\/12\/759-1.jpg","gform-image-choice-md-width":311,"gform-image-choice-md-height":400,"gform-image-choice-lg":"https:\/\/veritas.art\/wp-content\/uploads\/2024\/12\/759-1.jpg","gform-image-choice-lg-width":467,"gform-image-choice-lg-height":600}},"is_video":false,"video_source":"","video_id":"","use_video_thumbnail":true},{"image":{"ID":328337,"id":328337,"title":"146_759c","filename":"759c.jpg","filesize":3063177,"url":"https:\/\/veritas.art\/wp-content\/uploads\/2024\/12\/759c.jpg","link":"https:\/\/veritas.art\/en\/lot\/busto-do-1o-marques-de-sa-da-bandeira-1230607787\/146_759c\/","alt":"","author":"5529","description":"","caption":"","name":"146_759c","status":"inherit","uploaded_to":324367,"date":"2024-12-06 12:08:41","modified":"2024-12-06 12:08:45","menu_order":0,"mime_type":"image\/jpeg","type":"image","subtype":"jpeg","icon":"https:\/\/veritas.art\/wp-includes\/images\/media\/default.png","width":4774,"height":3417,"sizes":{"thumbnail":"https:\/\/veritas.art\/wp-content\/uploads\/2024\/12\/759c-150x150.jpg","thumbnail-width":150,"thumbnail-height":150,"medium":"https:\/\/veritas.art\/wp-content\/uploads\/2024\/12\/759c.jpg","medium-width":300,"medium-height":215,"medium_large":"https:\/\/veritas.art\/wp-content\/uploads\/2024\/12\/759c.jpg","medium_large-width":768,"medium_large-height":550,"large":"https:\/\/veritas.art\/wp-content\/uploads\/2024\/12\/759c.jpg","large-width":1024,"large-height":733,"1536x1536":"https:\/\/veritas.art\/wp-content\/uploads\/2024\/12\/759c.jpg","1536x1536-width":1536,"1536x1536-height":1099,"2048x2048":"https:\/\/veritas.art\/wp-content\/uploads\/2024\/12\/759c.jpg","2048x2048-width":2048,"2048x2048-height":1466,"v_medium":"https:\/\/veritas.art\/wp-content\/uploads\/2024\/12\/759c-640x458.jpg","v_medium-width":640,"v_medium-height":458,"gform-image-choice-sm":"https:\/\/veritas.art\/wp-content\/uploads\/2024\/12\/759c.jpg","gform-image-choice-sm-width":300,"gform-image-choice-sm-height":215,"gform-image-choice-md":"https:\/\/veritas.art\/wp-content\/uploads\/2024\/12\/759c.jpg","gform-image-choice-md-width":400,"gform-image-choice-md-height":286,"gform-image-choice-lg":"https:\/\/veritas.art\/wp-content\/uploads\/2024\/12\/759c.jpg","gform-image-choice-lg-width":600,"gform-image-choice-lg-height":429}},"is_video":false,"video_source":"","video_id":"","use_video_thumbnail":true},{"image":{"ID":328335,"id":328335,"title":"146_759d","filename":"759d.jpg","filesize":337575,"url":"https:\/\/veritas.art\/wp-content\/uploads\/2024\/12\/759d.jpg","link":"https:\/\/veritas.art\/en\/lot\/busto-do-1o-marques-de-sa-da-bandeira-1230607787\/146_759d\/","alt":"","author":"5529","description":"","caption":"","name":"146_759d","status":"inherit","uploaded_to":324367,"date":"2024-12-06 12:08:36","modified":"2024-12-06 12:08:38","menu_order":0,"mime_type":"image\/jpeg","type":"image","subtype":"jpeg","icon":"https:\/\/veritas.art\/wp-includes\/images\/media\/default.png","width":685,"height":1002,"sizes":{"thumbnail":"https:\/\/veritas.art\/wp-content\/uploads\/2024\/12\/759d-150x150.jpg","thumbnail-width":150,"thumbnail-height":150,"medium":"https:\/\/veritas.art\/wp-content\/uploads\/2024\/12\/759d.jpg","medium-width":205,"medium-height":300,"medium_large":"https:\/\/veritas.art\/wp-content\/uploads\/2024\/12\/759d.jpg","medium_large-width":685,"medium_large-height":1002,"large":"https:\/\/veritas.art\/wp-content\/uploads\/2024\/12\/759d.jpg","large-width":685,"large-height":1002,"1536x1536":"https:\/\/veritas.art\/wp-content\/uploads\/2024\/12\/759d.jpg","1536x1536-width":685,"1536x1536-height":1002,"2048x2048":"https:\/\/veritas.art\/wp-content\/uploads\/2024\/12\/759d.jpg","2048x2048-width":685,"2048x2048-height":1002,"v_medium":"https:\/\/veritas.art\/wp-content\/uploads\/2024\/12\/759d-640x936.jpg","v_medium-width":640,"v_medium-height":936,"gform-image-choice-sm":"https:\/\/veritas.art\/wp-content\/uploads\/2024\/12\/759d.jpg","gform-image-choice-sm-width":205,"gform-image-choice-sm-height":300,"gform-image-choice-md":"https:\/\/veritas.art\/wp-content\/uploads\/2024\/12\/759d.jpg","gform-image-choice-md-width":273,"gform-image-choice-md-height":400,"gform-image-choice-lg":"https:\/\/veritas.art\/wp-content\/uploads\/2024\/12\/759d.jpg","gform-image-choice-lg-width":410,"gform-image-choice-lg-height":600}},"is_video":false,"video_source":"","video_id":"","use_video_thumbnail":true},{"image":{"ID":328341,"id":328341,"title":"146_759e","filename":"759e.jpg","filesize":18049721,"url":"https:\/\/veritas.art\/wp-content\/uploads\/2024\/12\/759e.jpg","link":"https:\/\/veritas.art\/en\/lot\/busto-do-1o-marques-de-sa-da-bandeira-1230607787\/146_759e\/","alt":"","author":"5529","description":"","caption":"","name":"146_759e","status":"inherit","uploaded_to":324367,"date":"2024-12-06 12:09:18","modified":"2024-12-06 12:09:22","menu_order":0,"mime_type":"image\/jpeg","type":"image","subtype":"jpeg","icon":"https:\/\/veritas.art\/wp-includes\/images\/media\/default.png","width":7215,"height":4815,"sizes":{"thumbnail":"https:\/\/veritas.art\/wp-content\/uploads\/2024\/12\/759e-150x150.jpg","thumbnail-width":150,"thumbnail-height":150,"medium":"https:\/\/veritas.art\/wp-content\/uploads\/2024\/12\/759e.jpg","medium-width":300,"medium-height":200,"medium_large":"https:\/\/veritas.art\/wp-content\/uploads\/2024\/12\/759e.jpg","medium_large-width":768,"medium_large-height":513,"large":"https:\/\/veritas.art\/wp-content\/uploads\/2024\/12\/759e.jpg","large-width":1024,"large-height":683,"1536x1536":"https:\/\/veritas.art\/wp-content\/uploads\/2024\/12\/759e.jpg","1536x1536-width":1536,"1536x1536-height":1025,"2048x2048":"https:\/\/veritas.art\/wp-content\/uploads\/2024\/12\/759e.jpg","2048x2048-width":2048,"2048x2048-height":1367,"v_medium":"https:\/\/veritas.art\/wp-content\/uploads\/2024\/12\/759e-640x427.jpg","v_medium-width":640,"v_medium-height":427,"gform-image-choice-sm":"https:\/\/veritas.art\/wp-content\/uploads\/2024\/12\/759e.jpg","gform-image-choice-sm-width":300,"gform-image-choice-sm-height":200,"gform-image-choice-md":"https:\/\/veritas.art\/wp-content\/uploads\/2024\/12\/759e.jpg","gform-image-choice-md-width":400,"gform-image-choice-md-height":267,"gform-image-choice-lg":"https:\/\/veritas.art\/wp-content\/uploads\/2024\/12\/759e.jpg","gform-image-choice-lg-width":600,"gform-image-choice-lg-height":400}},"is_video":false,"video_source":"","video_id":"","use_video_thumbnail":true}],"auction_session":"2","show_in_withdrawn_lots":true},"_links":{"self":[{"href":"https:\/\/veritas.art\/en\/wp-json\/wp\/v2\/lot\/324368","targetHints":{"allow":["GET"]}}],"collection":[{"href":"https:\/\/veritas.art\/en\/wp-json\/wp\/v2\/lot"}],"about":[{"href":"https:\/\/veritas.art\/en\/wp-json\/wp\/v2\/types\/lot"}],"wp:featuredmedia":[{"embeddable":true,"href":"https:\/\/veritas.art\/en\/wp-json\/wp\/v2\/media\/328143"}],"wp:attachment":[{"href":"https:\/\/veritas.art\/en\/wp-json\/wp\/v2\/media?parent=324368"}],"wp:term":[{"taxonomy":"category","embeddable":true,"href":"https:\/\/veritas.art\/en\/wp-json\/wp\/v2\/categories?post=324368"}],"curies":[{"name":"wp","href":"https:\/\/api.w.org\/{rel}","templated":true}]}}

[Auction 146] Lot 759 &#8211; Bust of the 1st Marquess of Sá da Bandeira

Bust of the 1st Marquess of Sá da Bandeira

In 1880, the sculptor Maria Luísa de Sousa Holstein exhibited a bust of the Marquês de Sá da Bandeira, at the Exhibition of Fine Arts, which was highlighted by Ramalho Ortigão in the newspaper Diário da Manhã on<br />
July 23 of that year. According to Sandra Costa Saldanha, the main scholar of this sculptor's artistic work, it is “a first version” for a second bust, also in marble, which was offered by the author to the Military Museum of Lisbon in 1883. Later, in 1909, a copy of the same sculpture was made, offered to the Geographical Society.<br />
Although dated 1883, everything leads us to believe that the work under analysis, which remained in the collections of Maria Luísa's family, is the aforementioned “first version” exhibited in 1880, and it can be admitted that the creation of the Military Museum's version motivated her to only sign and date the first piece.<br />
Comparing the two sculptures, they coincide almost entirely in the representation of the bust, dressed and decorated with military insignia, but they differ in the arrangement of the face, looking at the viewer, in the “first version,” and looking up, in the second. But both manifest the same stylistic values: the excellent mastery of technicalities, in accordance with the naturalism that characterizes the last phase of European academic sculpture; the taste of capturing and representing physiognomic resemblance without any idealization of the model. With these options, the final portrait is a memory and a tribute to one of the most respected statesmen of Portuguese monarchical liberalism who died in 1876.<br />
Maria Luísa de Sousa Holstein considers herself, in this and other works, to be, using the words of Ramalho Ortigão, “an artist in the most beautiful sense of the word”, in fact the only woman sculptor who was at the same level as her colleagues, all of whom men, from Anatole Calmels to António Teixeira Lopes.<br />
<br />
Raquel Henriques da Silva
