{"id":315066,"date":"2024-10-08T20:09:28","date_gmt":"2024-10-08T20:09:28","guid":{"rendered":"https:\/\/veritas.art\/lot\/the-penitent-mary-magdalene-219380618\/"},"modified":"2024-10-08T20:09:28","modified_gmt":"2024-10-08T20:09:28","slug":"the-penitent-mary-magdalene-219380618","status":"publish","type":"lot","link":"https:\/\/veritas.art\/en\/lot\/the-penitent-mary-magdalene-219380618\/","title":{"rendered":"[Auction 143] Lot 396 &#8211; The Penitent Mary Magdalene"},"content":{"rendered":"Oil on canvas\r\nDepicting Mary Magdalene prostrated in a grotto, draped in dark robes, with her long hair loose and holding a skull in her right hand. Beside her lie a book and a rosary, emphasising the symbolism of spiritual contemplation and penitence","protected":false},"featured_media":317671,"template":"","categories":[65],"class_list":["post-315066","lot","type-lot","status-publish","has-post-thumbnail","hentry","category-paintings","author-domingos-sequeira-attrib"],"acf":{"auction_number":"143","number":"396","ref":"396","letter":"0","hammer_value":"0","show_hammer_value":true,"estimation_min":"25000","estimation_max":"35000","price_on_request":false,"author":2640,"auction":{"ID":314140,"post_author":"44","post_date":"2024-07-17 15:28:32","post_date_gmt":"2024-07-17 15:28:32","post_content":"","post_title":"Auction 143 - Antiques & Works of Art, Silver & Jewellery","post_excerpt":"","post_status":"publish","comment_status":"closed","ping_status":"closed","post_password":"","post_name":"auction-143-antiques-works-of-art-silver-jewellery","to_ping":"","pinged":"","post_modified":"2024-10-23 12:26:38","post_modified_gmt":"2024-10-23 12:26:38","post_content_filtered":"","post_parent":0,"guid":"https:\/\/veritas.art\/?post_type=auction&#038;p=314140","menu_order":0,"post_type":"auction","post_mime_type":"","comment_count":"0","filter":"raw"},"name":"The Penitent Mary Magdalene","dimensions":"57x41,5 cm","description":"Oil on canvas<br \/>\r\nDepicting Mary Magdalene prostrated in a grotto, draped in dark robes, with her long hair loose and holding a skull in her right hand. Beside her lie a book and a rosary, emphasising the symbolism of spiritual contemplation and penitence","additional_info":[{"title":"Additional Information","text":"Domingos Ant\u00f3nio de Sequeira (1768-1837), one of the greatest masters of Portuguese painting in the late 18th and early 19th centuries, stood out for his style influenced by both Neoclassicism and the emerging Romanticism. Throughout his multifaceted career, he dedicated himself to historical and religious painting, engraving, and drawing, always displaying mastery in the representation of the human figure and a remarkable sensitivity in theme composition, establishing himself as one of the most notable Portuguese artists of his time (Markl, 2013).<br \/>\nThe parallels between the work we now present for auction and other depictions of Mary Magdalene created by Sequeira between 1796 and 1800 are evident, reinforcing the belief that this could, indeed, be an undiscovered work by the artist. The dramatic composition, combined with the technical finesse in the use of light and shadow, is characteristic of Sequeira\u2019s oeuvre (Crespo de San Payo, 2009), further cementing his status as one of the leading figures in Portuguese painting of his era.<br \/>\nA distinctive feature of this painting is the unusually masculine appearance of Mary Magdalene's body, particularly noticeable in the arm and leg of the figure. Although atypical, this could be explained by the hypothesis that Sequeira used male models for his pose studies, as suggested by some evidence in his graphic work (Markl, 2013). There is also the possibility that the artist initially began this canvas as a depiction of a hermit saint, which later evolved into the penitent figure of Mary Magdalene.<br \/>\n<br \/>\nLiterature:<br \/>\nMarkl, Alexandra Josefina Reis Gomes. A obra gr\u00e1fica de Domingos Ant\u00f3nio de Sequeira no contexto da produ\u00e7\u00e3o europeia do seu tempo. Tese de Doutoramento em Belas-Artes, Especialidade de Desenho, Universidade de Lisboa, Faculdade de Belas-Artes, 2013.<br \/>\nCrespo de San Payo, Manuel Pedro Alves. O Desenho em Viagem: \u00c1lbum, Caderno ou Di\u00e1rio Gr\u00e1fico. O \u00c1lbum de Domingos Ant\u00f3nio de Sequeira. Tese de Doutoramento em Belas-Artes, Especialidade de Desenho, Universidade de Lisboa, Faculdade de Belas-Artes, 2009."}],"tags":"Paintings","gallery":[{"image":{"ID":317671,"id":317671,"title":"143_396","filename":"396.jpg","filesize":16728484,"url":"https:\/\/veritas.art\/wp-content\/uploads\/2024\/10\/396.jpg","link":"https:\/\/veritas.art\/en\/lot\/maria-madalena-penitente-1585398901\/143_396\/","alt":"","author":"44","description":"","caption":"","name":"143_396","status":"inherit","uploaded_to":315065,"date":"2024-10-09 00:11:49","modified":"2024-10-09 00:11:51","menu_order":0,"mime_type":"image\/jpeg","type":"image","subtype":"jpeg","icon":"https:\/\/veritas.art\/wp-includes\/images\/media\/default.png","width":5020,"height":3974,"sizes":{"thumbnail":"https:\/\/veritas.art\/wp-content\/uploads\/2024\/10\/396-150x150.jpg","thumbnail-width":150,"thumbnail-height":150,"medium":"https:\/\/veritas.art\/wp-content\/uploads\/2024\/10\/396.jpg","medium-width":300,"medium-height":237,"medium_large":"https:\/\/veritas.art\/wp-content\/uploads\/2024\/10\/396.jpg","medium_large-width":768,"medium_large-height":608,"large":"https:\/\/veritas.art\/wp-content\/uploads\/2024\/10\/396.jpg","large-width":1024,"large-height":811,"1536x1536":"https:\/\/veritas.art\/wp-content\/uploads\/2024\/10\/396.jpg","1536x1536-width":1536,"1536x1536-height":1216,"2048x2048":"https:\/\/veritas.art\/wp-content\/uploads\/2024\/10\/396.jpg","2048x2048-width":2048,"2048x2048-height":1621,"v_medium":"https:\/\/veritas.art\/wp-content\/uploads\/2024\/10\/396-640x507.jpg","v_medium-width":640,"v_medium-height":507,"gform-image-choice-sm":"https:\/\/veritas.art\/wp-content\/uploads\/2024\/10\/396.jpg","gform-image-choice-sm-width":300,"gform-image-choice-sm-height":237,"gform-image-choice-md":"https:\/\/veritas.art\/wp-content\/uploads\/2024\/10\/396.jpg","gform-image-choice-md-width":400,"gform-image-choice-md-height":317,"gform-image-choice-lg":"https:\/\/veritas.art\/wp-content\/uploads\/2024\/10\/396.jpg","gform-image-choice-lg-width":600,"gform-image-choice-lg-height":475}},"is_video":false,"video_source":"","video_id":"","use_video_thumbnail":true}],"auction_session":"2"},"_links":{"self":[{"href":"https:\/\/veritas.art\/en\/wp-json\/wp\/v2\/lot\/315066","targetHints":{"allow":["GET"]}}],"collection":[{"href":"https:\/\/veritas.art\/en\/wp-json\/wp\/v2\/lot"}],"about":[{"href":"https:\/\/veritas.art\/en\/wp-json\/wp\/v2\/types\/lot"}],"wp:featuredmedia":[{"embeddable":true,"href":"https:\/\/veritas.art\/en\/wp-json\/wp\/v2\/media\/317671"}],"wp:attachment":[{"href":"https:\/\/veritas.art\/en\/wp-json\/wp\/v2\/media?parent=315066"}],"wp:term":[{"taxonomy":"category","embeddable":true,"href":"https:\/\/veritas.art\/en\/wp-json\/wp\/v2\/categories?post=315066"}],"curies":[{"name":"wp","href":"https:\/\/api.w.org\/{rel}","templated":true}]}}

Domingos António de Sequeira (1768-1837), one of the greatest masters of Portuguese painting in the late 18th and early 19th centuries, stood out for his style influenced by both Neoclassicism and the emerging Romanticism. Throughout his multifaceted career, he dedicated himself to historical and religious painting, engraving, and drawing, always displaying mastery in the representation of the human figure and a remarkable sensitivity in theme composition, establishing himself as one of the most notable Portuguese artists of his time (Markl, 2013).<br />
The parallels between the work we now present for auction and other depictions of Mary Magdalene created by Sequeira between 1796 and 1800 are evident, reinforcing the belief that this could, indeed, be an undiscovered work by the artist. The dramatic composition, combined with the technical finesse in the use of light and shadow, is characteristic of Sequeira’s oeuvre (Crespo de San Payo, 2009), further cementing his status as one of the leading figures in Portuguese painting of his era.<br />
A distinctive feature of this painting is the unusually masculine appearance of Mary Magdalene's body, particularly noticeable in the arm and leg of the figure. Although atypical, this could be explained by the hypothesis that Sequeira used male models for his pose studies, as suggested by some evidence in his graphic work (Markl, 2013). There is also the possibility that the artist initially began this canvas as a depiction of a hermit saint, which later evolved into the penitent figure of Mary Magdalene.<br />
<br />
Literature:<br />
Markl, Alexandra Josefina Reis Gomes. A obra gráfica de Domingos António de Sequeira no contexto da produção europeia do seu tempo. Tese de Doutoramento em Belas-Artes, Especialidade de Desenho, Universidade de Lisboa, Faculdade de Belas-Artes, 2013.<br />
Crespo de San Payo, Manuel Pedro Alves. O Desenho em Viagem: Álbum, Caderno ou Diário Gráfico. O Álbum de Domingos António de Sequeira. Tese de Doutoramento em Belas-Artes, Especialidade de Desenho, Universidade de Lisboa, Faculdade de Belas-Artes, 2009.
