{"id":267530,"date":"2023-04-18T16:41:30","date_gmt":"2023-04-18T16:41:30","guid":{"rendered":"https:\/\/veritas.art\/lot\/lirca-fernando-leme-pico-decarta-de-fernando-leme-pico-de-lirca-para-d-ambrozio-de-cineros-e-aiala-sobre-varias-materias-e-principalmente-mostra-a-dita-carta-que-couza-sega-a-jurisdisam-ecleziast-9721\/"},"modified":"2023-04-18T16:41:30","modified_gmt":"2023-04-18T16:41:30","slug":"lirca-fernando-leme-pico-decarta-de-fernando-leme-pico-de-lirca-para-d-ambrozio-de-cineros-e-aiala-sobre-varias-materias-e-principalmente-mostra-a-dita-carta-que-couza-sega-a-jurisdisam-ecleziast-9721","status":"publish","type":"lot","link":"https:\/\/veritas.art\/en\/lot\/lirca-fernando-leme-pico-decarta-de-fernando-leme-pico-de-lirca-para-d-ambrozio-de-cineros-e-aiala-sobre-varias-materias-e-principalmente-mostra-a-dita-carta-que-couza-sega-a-jurisdisam-ecleziast-9721\/","title":{"rendered":"[Auction 127] Lot 307 &#8211; LIRCA, Fernando Leme Pico de,\nCarta de Fernando Leme Pico de Lirca para D. Ambrozio de Cineros e Aiala sobre Varias materias, e principalmente mostra a dita Carta que couza sega a Jurisdisam Ecleziastica, e donde lhe provem, e como foi entreduzida e por que modo \u00e9 executada oje."},"content":{"rendered":"[s. l. : s. n., s. d.]- [46] f. : (20 cm) : enc. Muito bom exemplar, primeiro f\u00f3lio solto. Manuscrito de uma s\u00f3 m\u00e3o, de leitura f\u00e1cil. No segundo f\u00f3lio frente, pode ler-se o t\u00edtulo &#8220;Carta de Fernando Leme Pico de Lirca a D. Ambrozio de Cisneiros e Aiala, Sobre a Balan\u00e7a Intelectual de Francisco de Pina e Melo.&#8221; Manuscrito inscrito na pol\u00e9mica verneiana, citado na obra &#8220;Vernei e a cultura do seu tempo&#8221;, p. 476. \u00danico exemplar conhecido.","protected":false},"featured_media":268879,"template":"","categories":[63],"class_list":["post-267530","lot","type-lot","status-publish","has-post-thumbnail","hentry","category-books-and-manuscripts"],"acf":{"auction_number":"127","number":"307","ref":"307","letter":"0","hammer_value":"300","show_hammer_value":true,"estimation_min":"300","estimation_max":"","price_on_request":false,"author":false,"auction":{"ID":266861,"post_author":"44","post_date":"2023-04-05 17:14:29","post_date_gmt":"2023-04-05 17:14:29","post_content":"","post_title":"Auction 127 - Books and Manuscripts","post_excerpt":"","post_status":"publish","comment_status":"closed","ping_status":"closed","post_password":"","post_name":"auction-127-books-and-manuscripts","to_ping":"","pinged":"","post_modified":"2023-05-08 10:54:41","post_modified_gmt":"2023-05-08 10:54:41","post_content_filtered":"","post_parent":0,"guid":"https:\/\/veritas.art\/?post_type=auction&#038;p=266861","menu_order":0,"post_type":"auction","post_mime_type":"","comment_count":"0","filter":"raw"},"name":"LIRCA, Fernando Leme Pico de,\nCarta de Fernando Leme Pico de Lirca para D. Ambrozio de Cineros e Aiala sobre Varias materias, e principalmente mostra a dita Carta que couza sega a Jurisdisam Ecleziastica, e donde lhe provem, e como foi entreduzida e por que modo \u00e9 executada oje.","dimensions":"","description":"[s. l. : s. n., s. d.]- [46] f. : (20 cm) : enc. Muito bom exemplar, primeiro f\u00f3lio solto. Manuscrito de uma s\u00f3 m\u00e3o, de leitura f\u00e1cil. No segundo f\u00f3lio frente, pode ler-se o t\u00edtulo \"Carta de Fernando Leme Pico de Lirca a D. Ambrozio de Cisneiros e Aiala, Sobre a Balan\u00e7a Intelectual de Francisco de Pina e Melo.\" Manuscrito inscrito na pol\u00e9mica verneiana, citado na obra \"Vernei e a cultura do seu tempo\", p. 476. \u00danico exemplar conhecido.","additional_info":false,"tags":"Books and Manuscripts","auction_session":"2","gallery":[{"image":{"ID":268879,"id":268879,"title":"127_307","filename":"307.jpg","filesize":7726159,"url":"https:\/\/veritas.art\/wp-content\/uploads\/2023\/04\/307.jpg","link":"https:\/\/veritas.art\/en\/lot\/lirca-fernando-leme-pico-decarta-de-fernando-leme-pico-de-lirca-para-d-ambrozio-de-cineros-e-aiala-sobre-varias-materias-e-principalmente-mostra-a-dita-carta-que-couza-sega-a-jurisdisam-ecleziast-2747\/127_307\/","alt":"","author":"44","description":"","caption":"","name":"127_307","status":"inherit","uploaded_to":267529,"date":"2023-04-19 12:42:32","modified":"2023-04-19 12:42:34","menu_order":0,"mime_type":"image\/jpeg","type":"image","subtype":"jpeg","icon":"https:\/\/veritas.art\/wp-includes\/images\/media\/default.png","width":6345,"height":4428,"sizes":{"thumbnail":"https:\/\/veritas.art\/wp-content\/uploads\/2023\/04\/307-150x150.jpg","thumbnail-width":150,"thumbnail-height":150,"medium":"https:\/\/veritas.art\/wp-content\/uploads\/2023\/04\/307.jpg","medium-width":300,"medium-height":209,"medium_large":"https:\/\/veritas.art\/wp-content\/uploads\/2023\/04\/307.jpg","medium_large-width":768,"medium_large-height":536,"large":"https:\/\/veritas.art\/wp-content\/uploads\/2023\/04\/307.jpg","large-width":1024,"large-height":715,"1536x1536":"https:\/\/veritas.art\/wp-content\/uploads\/2023\/04\/307.jpg","1536x1536-width":1536,"1536x1536-height":1072,"2048x2048":"https:\/\/veritas.art\/wp-content\/uploads\/2023\/04\/307.jpg","2048x2048-width":2048,"2048x2048-height":1429,"v_medium":"https:\/\/veritas.art\/wp-content\/uploads\/2023\/04\/307-640x447.jpg","v_medium-width":640,"v_medium-height":447,"gform-image-choice-sm":"https:\/\/veritas.art\/wp-content\/uploads\/2023\/04\/307.jpg","gform-image-choice-sm-width":300,"gform-image-choice-sm-height":209,"gform-image-choice-md":"https:\/\/veritas.art\/wp-content\/uploads\/2023\/04\/307.jpg","gform-image-choice-md-width":400,"gform-image-choice-md-height":279,"gform-image-choice-lg":"https:\/\/veritas.art\/wp-content\/uploads\/2023\/04\/307.jpg","gform-image-choice-lg-width":600,"gform-image-choice-lg-height":419}},"is_video":false,"video_source":"","video_id":"","use_video_thumbnail":true},{"image":{"ID":268881,"id":268881,"title":"127_307a","filename":"307a.jpg","filesize":5593150,"url":"https:\/\/veritas.art\/wp-content\/uploads\/2023\/04\/307a.jpg","link":"https:\/\/veritas.art\/en\/lot\/lirca-fernando-leme-pico-decarta-de-fernando-leme-pico-de-lirca-para-d-ambrozio-de-cineros-e-aiala-sobre-varias-materias-e-principalmente-mostra-a-dita-carta-que-couza-sega-a-jurisdisam-ecleziast-2747\/127_307a\/","alt":"","author":"44","description":"","caption":"","name":"127_307a","status":"inherit","uploaded_to":267529,"date":"2023-04-19 12:42:36","modified":"2023-04-19 12:42:39","menu_order":0,"mime_type":"image\/jpeg","type":"image","subtype":"jpeg","icon":"https:\/\/veritas.art\/wp-includes\/images\/media\/default.png","width":4587,"height":6094,"sizes":{"thumbnail":"https:\/\/veritas.art\/wp-content\/uploads\/2023\/04\/307a-150x150.jpg","thumbnail-width":150,"thumbnail-height":150,"medium":"https:\/\/veritas.art\/wp-content\/uploads\/2023\/04\/307a.jpg","medium-width":226,"medium-height":300,"medium_large":"https:\/\/veritas.art\/wp-content\/uploads\/2023\/04\/307a.jpg","medium_large-width":768,"medium_large-height":1020,"large":"https:\/\/veritas.art\/wp-content\/uploads\/2023\/04\/307a.jpg","large-width":771,"large-height":1024,"1536x1536":"https:\/\/veritas.art\/wp-content\/uploads\/2023\/04\/307a.jpg","1536x1536-width":1156,"1536x1536-height":1536,"2048x2048":"https:\/\/veritas.art\/wp-content\/uploads\/2023\/04\/307a.jpg","2048x2048-width":1542,"2048x2048-height":2048,"v_medium":"https:\/\/veritas.art\/wp-content\/uploads\/2023\/04\/307a-640x850.jpg","v_medium-width":640,"v_medium-height":850,"gform-image-choice-sm":"https:\/\/veritas.art\/wp-content\/uploads\/2023\/04\/307a.jpg","gform-image-choice-sm-width":226,"gform-image-choice-sm-height":300,"gform-image-choice-md":"https:\/\/veritas.art\/wp-content\/uploads\/2023\/04\/307a.jpg","gform-image-choice-md-width":301,"gform-image-choice-md-height":400,"gform-image-choice-lg":"https:\/\/veritas.art\/wp-content\/uploads\/2023\/04\/307a.jpg","gform-image-choice-lg-width":452,"gform-image-choice-lg-height":600}},"is_video":false,"video_source":"","video_id":"","use_video_thumbnail":true}]},"_links":{"self":[{"href":"https:\/\/veritas.art\/en\/wp-json\/wp\/v2\/lot\/267530","targetHints":{"allow":["GET"]}}],"collection":[{"href":"https:\/\/veritas.art\/en\/wp-json\/wp\/v2\/lot"}],"about":[{"href":"https:\/\/veritas.art\/en\/wp-json\/wp\/v2\/types\/lot"}],"wp:featuredmedia":[{"embeddable":true,"href":"https:\/\/veritas.art\/en\/wp-json\/wp\/v2\/media\/268879"}],"wp:attachment":[{"href":"https:\/\/veritas.art\/en\/wp-json\/wp\/v2\/media?parent=267530"}],"wp:term":[{"taxonomy":"category","embeddable":true,"href":"https:\/\/veritas.art\/en\/wp-json\/wp\/v2\/categories?post=267530"}],"curies":[{"name":"wp","href":"https:\/\/api.w.org\/{rel}","templated":true}]}}

[Auction 127] Lot 307 &#8211; LIRCA, Fernando Leme Pico de,
Carta de Fernando Leme Pico de Lirca para D. Ambrozio de Cineros e Aiala sobre Varias materias, e principalmente mostra a dita Carta que couza sega a Jurisdisam Ecleziastica, e donde lhe provem, e como foi entreduzida e por que modo é executada oje.

[s. l. : s. n., s. d.]- [46] f. : (20 cm) : enc. Muito bom exemplar, primeiro fólio solto. Manuscrito de uma só mão, de leitura fácil. No segundo fólio frente, pode ler-se o título &#8220;Carta de Fernando Leme Pico de Lirca a D. Ambrozio de Cisneiros e Aiala, Sobre a Balança Intelectual de Francisco de Pina e Melo.&#8221; Manuscrito inscrito na polémica verneiana, citado na obra &#8220;Vernei e a cultura do seu tempo&#8221;, p. 476. Único exemplar conhecido.

LIRCA, Fernando Leme Pico de,
Carta de Fernando Leme Pico de Lirca para D. Ambrozio de Cineros e Aiala sobre Varias materias, e principalmente mostra a dita Carta que couza sega a Jurisdisam Ecleziastica, e donde lhe provem, e como foi entreduzida e por que modo é executada oje.

[s. l. : s. n., s. d.]- [46] f. : (20 cm) : enc. Muito bom exemplar, primeiro fólio solto. Manuscrito de uma só mão, de leitura fácil. No segundo fólio frente, pode ler-se o título "Carta de Fernando Leme Pico de Lirca a D. Ambrozio de Cisneiros e Aiala, Sobre a Balança Intelectual de Francisco de Pina e Melo." Manuscrito inscrito na polémica verneiana, citado na obra "Vernei e a cultura do seu tempo", p. 476. Único exemplar conhecido.
