{"id":267518,"date":"2023-04-18T16:40:13","date_gmt":"2023-04-18T16:40:13","guid":{"rendered":"https:\/\/veritas.art\/lot\/leitao-artur-1874-1941-dir-valenca-francisco-1882-1963-dir-o-espectro-director-politico-artur-leitao-director-artistico-f-valenca-ano-1-o-num-1-1-de-junho-1925-a-num-11-10-de-1875482784\/"},"modified":"2023-04-18T16:40:13","modified_gmt":"2023-04-18T16:40:13","slug":"leitao-artur-1874-1941-dir-valenca-francisco-1882-1963-dir-o-espectro-director-politico-artur-leitao-director-artistico-f-valenca-ano-1-o-num-1-1-de-junho-1925-a-num-11-10-de-1875482784","status":"publish","type":"lot","link":"https:\/\/veritas.art\/en\/lot\/leitao-artur-1874-1941-dir-valenca-francisco-1882-1963-dir-o-espectro-director-politico-artur-leitao-director-artistico-f-valenca-ano-1-o-num-1-1-de-junho-1925-a-num-11-10-de-1875482784\/","title":{"rendered":"[Auction 127] Lot 301 &#8211; LEIT\u00c3O, Artur, 1874-1941 (dir.); VALEN\u00c7A, Francisco, 1882-1963 (dir.) \nO ESPECTRO. Director pol\u00edtico Artur Leit\u00e3o; director art\u00edstico F. Valen\u00e7a.- Ano 1.\u00ba &#8211; Num. 1 &#8211; 1 de Junho 1925 (a num. 11 &#8211; 10 de Agosto de 1925)."},"content":{"rendered":"Lisboa : &#8220;Lvmen&#8221;, 1925.- 11 n\u00fameros (+ 1 Esp\u00e9cime) enc. em 1 vol. : il. : (32 cm) : enc. Muito bom exemplar. Colec\u00e7\u00e3o completa incluindo o &#8220;N\u00famero Esp\u00e9cime&#8221; de 18 de Maio de 1925. Encaderna\u00e7\u00e3o, de trabalho, coeva. Importante e raro peri\u00f3dico humorista em que colaboraram os principais artistas do g\u00e9nero \u00e0 \u00e9poca, entre eles Em\u00e9rico Nunes, Stuart Carvalhais, etc. Colec\u00e7\u00e3o completa.","protected":false},"featured_media":268865,"template":"","categories":[63],"class_list":["post-267518","lot","type-lot","status-publish","has-post-thumbnail","hentry","category-books-and-manuscripts"],"acf":{"auction_number":"127","number":"301","ref":"301","letter":"0","hammer_value":"180","show_hammer_value":true,"estimation_min":"90","estimation_max":"","price_on_request":false,"author":false,"auction":{"ID":266861,"post_author":"44","post_date":"2023-04-05 17:14:29","post_date_gmt":"2023-04-05 17:14:29","post_content":"","post_title":"Auction 127 - Books and Manuscripts","post_excerpt":"","post_status":"publish","comment_status":"closed","ping_status":"closed","post_password":"","post_name":"auction-127-books-and-manuscripts","to_ping":"","pinged":"","post_modified":"2023-05-08 10:54:41","post_modified_gmt":"2023-05-08 10:54:41","post_content_filtered":"","post_parent":0,"guid":"https:\/\/veritas.art\/?post_type=auction&#038;p=266861","menu_order":0,"post_type":"auction","post_mime_type":"","comment_count":"0","filter":"raw"},"name":"LEIT\u00c3O, Artur, 1874-1941 (dir.); VALEN\u00c7A, Francisco, 1882-1963 (dir.) \nO ESPECTRO. Director pol\u00edtico Artur Leit\u00e3o; director art\u00edstico F. Valen\u00e7a.- Ano 1.\u00ba - Num. 1 - 1 de Junho 1925 (a num. 11 - 10 de Agosto de 1925). ","dimensions":"","description":"Lisboa : \"Lvmen\", 1925.- 11 n\u00fameros (+ 1 Esp\u00e9cime) enc. em 1 vol. : il. : (32 cm) : enc. Muito bom exemplar. Colec\u00e7\u00e3o completa incluindo o \"N\u00famero Esp\u00e9cime\" de 18 de Maio de 1925. Encaderna\u00e7\u00e3o, de trabalho, coeva. Importante e raro peri\u00f3dico humorista em que colaboraram os principais artistas do g\u00e9nero \u00e0 \u00e9poca, entre eles Em\u00e9rico Nunes, Stuart Carvalhais, etc. Colec\u00e7\u00e3o completa.","additional_info":false,"tags":"Books and Manuscripts","auction_session":"2","gallery":[{"image":{"ID":268865,"id":268865,"title":"127_301","filename":"301.jpg","filesize":12578682,"url":"https:\/\/veritas.art\/wp-content\/uploads\/2023\/04\/301.jpg","link":"https:\/\/veritas.art\/en\/lot\/leitao-artur-1874-1941-dir-valenca-francisco-1882-1963-dir-o-espectro-director-politico-artur-leitao-director-artistico-f-valenca-ano-1-o-num-1-1-de-junho-1925-a-num-11-10-de-202345482\/127_301\/","alt":"","author":"44","description":"","caption":"","name":"127_301","status":"inherit","uploaded_to":267517,"date":"2023-04-19 12:42:10","modified":"2023-04-19 12:42:13","menu_order":0,"mime_type":"image\/jpeg","type":"image","subtype":"jpeg","icon":"https:\/\/veritas.art\/wp-includes\/images\/media\/default.png","width":4912,"height":6301,"sizes":{"thumbnail":"https:\/\/veritas.art\/wp-content\/uploads\/2023\/04\/301-150x150.jpg","thumbnail-width":150,"thumbnail-height":150,"medium":"https:\/\/veritas.art\/wp-content\/uploads\/2023\/04\/301.jpg","medium-width":234,"medium-height":300,"medium_large":"https:\/\/veritas.art\/wp-content\/uploads\/2023\/04\/301.jpg","medium_large-width":768,"medium_large-height":985,"large":"https:\/\/veritas.art\/wp-content\/uploads\/2023\/04\/301.jpg","large-width":798,"large-height":1024,"1536x1536":"https:\/\/veritas.art\/wp-content\/uploads\/2023\/04\/301.jpg","1536x1536-width":1197,"1536x1536-height":1536,"2048x2048":"https:\/\/veritas.art\/wp-content\/uploads\/2023\/04\/301.jpg","2048x2048-width":1597,"2048x2048-height":2048,"v_medium":"https:\/\/veritas.art\/wp-content\/uploads\/2023\/04\/301-640x821.jpg","v_medium-width":640,"v_medium-height":821,"gform-image-choice-sm":"https:\/\/veritas.art\/wp-content\/uploads\/2023\/04\/301.jpg","gform-image-choice-sm-width":234,"gform-image-choice-sm-height":300,"gform-image-choice-md":"https:\/\/veritas.art\/wp-content\/uploads\/2023\/04\/301.jpg","gform-image-choice-md-width":312,"gform-image-choice-md-height":400,"gform-image-choice-lg":"https:\/\/veritas.art\/wp-content\/uploads\/2023\/04\/301.jpg","gform-image-choice-lg-width":468,"gform-image-choice-lg-height":600}},"is_video":false,"video_source":"","video_id":"","use_video_thumbnail":true},{"image":{"ID":268867,"id":268867,"title":"127_301a","filename":"301a.jpg","filesize":15447728,"url":"https:\/\/veritas.art\/wp-content\/uploads\/2023\/04\/301a.jpg","link":"https:\/\/veritas.art\/en\/lot\/leitao-artur-1874-1941-dir-valenca-francisco-1882-1963-dir-o-espectro-director-politico-artur-leitao-director-artistico-f-valenca-ano-1-o-num-1-1-de-junho-1925-a-num-11-10-de-202345482\/127_301a\/","alt":"","author":"44","description":"","caption":"","name":"127_301a","status":"inherit","uploaded_to":267517,"date":"2023-04-19 12:42:17","modified":"2023-04-19 12:42:20","menu_order":0,"mime_type":"image\/jpeg","type":"image","subtype":"jpeg","icon":"https:\/\/veritas.art\/wp-includes\/images\/media\/default.png","width":6605,"height":4813,"sizes":{"thumbnail":"https:\/\/veritas.art\/wp-content\/uploads\/2023\/04\/301a-150x150.jpg","thumbnail-width":150,"thumbnail-height":150,"medium":"https:\/\/veritas.art\/wp-content\/uploads\/2023\/04\/301a.jpg","medium-width":300,"medium-height":219,"medium_large":"https:\/\/veritas.art\/wp-content\/uploads\/2023\/04\/301a.jpg","medium_large-width":768,"medium_large-height":560,"large":"https:\/\/veritas.art\/wp-content\/uploads\/2023\/04\/301a.jpg","large-width":1024,"large-height":746,"1536x1536":"https:\/\/veritas.art\/wp-content\/uploads\/2023\/04\/301a.jpg","1536x1536-width":1536,"1536x1536-height":1119,"2048x2048":"https:\/\/veritas.art\/wp-content\/uploads\/2023\/04\/301a.jpg","2048x2048-width":2048,"2048x2048-height":1492,"v_medium":"https:\/\/veritas.art\/wp-content\/uploads\/2023\/04\/301a-640x466.jpg","v_medium-width":640,"v_medium-height":466,"gform-image-choice-sm":"https:\/\/veritas.art\/wp-content\/uploads\/2023\/04\/301a.jpg","gform-image-choice-sm-width":300,"gform-image-choice-sm-height":219,"gform-image-choice-md":"https:\/\/veritas.art\/wp-content\/uploads\/2023\/04\/301a.jpg","gform-image-choice-md-width":400,"gform-image-choice-md-height":291,"gform-image-choice-lg":"https:\/\/veritas.art\/wp-content\/uploads\/2023\/04\/301a.jpg","gform-image-choice-lg-width":600,"gform-image-choice-lg-height":437}},"is_video":false,"video_source":"","video_id":"","use_video_thumbnail":true}]},"_links":{"self":[{"href":"https:\/\/veritas.art\/en\/wp-json\/wp\/v2\/lot\/267518","targetHints":{"allow":["GET"]}}],"collection":[{"href":"https:\/\/veritas.art\/en\/wp-json\/wp\/v2\/lot"}],"about":[{"href":"https:\/\/veritas.art\/en\/wp-json\/wp\/v2\/types\/lot"}],"wp:featuredmedia":[{"embeddable":true,"href":"https:\/\/veritas.art\/en\/wp-json\/wp\/v2\/media\/268865"}],"wp:attachment":[{"href":"https:\/\/veritas.art\/en\/wp-json\/wp\/v2\/media?parent=267518"}],"wp:term":[{"taxonomy":"category","embeddable":true,"href":"https:\/\/veritas.art\/en\/wp-json\/wp\/v2\/categories?post=267518"}],"curies":[{"name":"wp","href":"https:\/\/api.w.org\/{rel}","templated":true}]}}

[Auction 127] Lot 301 &#8211; LEITÃO, Artur, 1874-1941 (dir.); VALENÇA, Francisco, 1882-1963 (dir.) 
O ESPECTRO. Director político Artur Leitão; director artístico F. Valença.- Ano 1.º &#8211; Num. 1 &#8211; 1 de Junho 1925 (a num. 11 &#8211; 10 de Agosto de 1925).

Lisboa : &#8220;Lvmen&#8221;, 1925.- 11 números (+ 1 Espécime) enc. em 1 vol. : il. : (32 cm) : enc. Muito bom exemplar. Colecção completa incluindo o &#8220;Número Espécime&#8221; de 18 de Maio de 1925. Encadernação, de trabalho, coeva. Importante e raro periódico humorista em que colaboraram os principais artistas do género à época, entre eles Emérico Nunes, Stuart Carvalhais, etc. Colecção completa.

LEITÃO, Artur, 1874-1941 (dir.); VALENÇA, Francisco, 1882-1963 (dir.) 
O ESPECTRO. Director político Artur Leitão; director artístico F. Valença.- Ano 1.º - Num. 1 - 1 de Junho 1925 (a num. 11 - 10 de Agosto de 1925).

Lisboa : "Lvmen", 1925.- 11 números (+ 1 Espécime) enc. em 1 vol. : il. : (32 cm) : enc. Muito bom exemplar. Colecção completa incluindo o "Número Espécime" de 18 de Maio de 1925. Encadernação, de trabalho, coeva. Importante e raro periódico humorista em que colaboraram os principais artistas do género à época, entre eles Emérico Nunes, Stuart Carvalhais, etc. Colecção completa.
