{"id":267156,"date":"2023-04-18T16:01:46","date_gmt":"2023-04-18T16:01:46","guid":{"rendered":"https:\/\/veritas.art\/lot\/carreras-y-artau-joaquim-1894-1968-6-titulos-150486285\/"},"modified":"2023-04-18T16:01:46","modified_gmt":"2023-04-18T16:01:46","slug":"carreras-y-artau-joaquim-1894-1968-6-titulos-150486285","status":"publish","type":"lot","link":"https:\/\/veritas.art\/en\/lot\/carreras-y-artau-joaquim-1894-1968-6-titulos-150486285\/","title":{"rendered":"[Auction 127] Lot 119 &#8211; CARRERAS Y ARTAU, Joaquim, 1894-1968 (6 t\u00edtulos)"},"content":{"rendered":"1) Aportaciones hispanas al curso general de la Filosofia. Madrid : Congresso Internacional de Filosofia, 1949.- (43-136) p. : (23 cm) : enc. Bom exemplar. Encadernado em meia inglesa. Com dedicat\u00f3ria aut\u00f3grafa. \n2) Apports hispaniques \u00e0 la philosophie chr\u00e9tienne de l&#8217;occident. (Par&#8230; et Juan Tusquets Terrats). Louvain \/ Paris : Publications Universitaires de Louvain \/ \u00c9ditions B\u00e9atrice Nauwelaerts, 1962.- 206, [2] p. : (19 cm) : enc. Muito bom exemplar. Encadernado em meia inglesa de tela encarnada, mant\u00e9m as capas de brochura. (Chaire Cardinal Mercier). Com dedicat\u00f3ria de Carreras Artau. \n3) Balance, estado actual y perspectivas de los est\u00fadios sobre Hist\u00f3ria de la Filosofia espa\u00f1ola. Madrid : Associacion Espa\u00f1ola para el Progresso de las Ciencias, 1951.- (249-270) p. : (24 cm) : broch. Bom exemplar. Com dedicat\u00f3ria aut\u00f3grafa a A. Moreira de S\u00e1. \n4) De Ram\u00f3n Lull a los modernos ensayos de formaci\u00f3n de una lengua universal. Barcelona : C.S.I.C.- Instituto Antonio de Nebrija, 1946.- 40, [4] p. : (16 cm) : broch. Muito bom exemplar. \n5) Historia de la Filosof\u00eda espa\u00f1ola. Filosof\u00eda cristiana de los siglos XIII al XV. Por Tom\u00e1s Carreras y Artau e &#8230; Tomo I (e II). Madrid : Real Academia de Ciencias Exactas, F\u00edsicas y Naturales, 1939-1943.- 2 vols. : XI, [1], 661, [3]; 686, [2] p. : il. : (25 cm) : enc. Bom exemplar. Encaderna\u00e7\u00e3o meia francesa, com sinais de uso, em carneira parda, capas de brochura conservadas.\n6) MART\u00cdNEZ FERRANDO, Ernesto,- Relaciones de Arnau de Vilanova com los Reyes de la Casa de Arag\u00f3n. Discurso le\u00eddo (..) en la recepci\u00f3n p\u00fablica del Dr. D. Joaqu\u00edn Carreras Artaud en la Real Academia de Buenas Letras de Barcelona\u2026 Barcelona : Real Academia de Buenas Letras de Barcelona, 1955.- 80 p. : (24 cm) : broch. Muito bom exemplar. Com dedicat\u00f3ria aut\u00f3grafa a A. Moreira de S\u00e1. ","protected":false},"featured_media":268425,"template":"","categories":[63],"class_list":["post-267156","lot","type-lot","status-publish","has-post-thumbnail","hentry","category-books-and-manuscripts"],"acf":{"auction_number":"127","number":"119","ref":"119","letter":"0","hammer_value":"0","show_hammer_value":true,"estimation_min":"50","estimation_max":"","price_on_request":false,"author":false,"auction":{"ID":266861,"post_author":"44","post_date":"2023-04-05 17:14:29","post_date_gmt":"2023-04-05 17:14:29","post_content":"","post_title":"Auction 127 - Books and Manuscripts","post_excerpt":"","post_status":"publish","comment_status":"closed","ping_status":"closed","post_password":"","post_name":"auction-127-books-and-manuscripts","to_ping":"","pinged":"","post_modified":"2023-05-08 10:54:41","post_modified_gmt":"2023-05-08 10:54:41","post_content_filtered":"","post_parent":0,"guid":"https:\/\/veritas.art\/?post_type=auction&#038;p=266861","menu_order":0,"post_type":"auction","post_mime_type":"","comment_count":"0","filter":"raw"},"name":"CARRERAS Y ARTAU, Joaquim, 1894-1968 (6 t\u00edtulos)","dimensions":"","description":"1) Aportaciones hispanas al curso general de la Filosofia. Madrid : Congresso Internacional de Filosofia, 1949.- (43-136) p. : (23 cm) : enc. Bom exemplar. Encadernado em meia inglesa. Com dedicat\u00f3ria aut\u00f3grafa. <br \/>\n2) Apports hispaniques \u00e0 la philosophie chr\u00e9tienne de l'occident. (Par... et Juan Tusquets Terrats). Louvain \/ Paris : Publications Universitaires de Louvain \/ \u00c9ditions B\u00e9atrice Nauwelaerts, 1962.- 206, [2] p. : (19 cm) : enc. Muito bom exemplar. Encadernado em meia inglesa de tela encarnada, mant\u00e9m as capas de brochura. (Chaire Cardinal Mercier). Com dedicat\u00f3ria de Carreras Artau. <br \/>\n3) Balance, estado actual y perspectivas de los est\u00fadios sobre Hist\u00f3ria de la Filosofia espa\u00f1ola. Madrid : Associacion Espa\u00f1ola para el Progresso de las Ciencias, 1951.- (249-270) p. : (24 cm) : broch. Bom exemplar. Com dedicat\u00f3ria aut\u00f3grafa a A. Moreira de S\u00e1. <br \/>\n4) De Ram\u00f3n Lull a los modernos ensayos de formaci\u00f3n de una lengua universal. Barcelona : C.S.I.C.- Instituto Antonio de Nebrija, 1946.- 40, [4] p. : (16 cm) : broch. Muito bom exemplar. <br \/>\n5) Historia de la Filosof\u00eda espa\u00f1ola. Filosof\u00eda cristiana de los siglos XIII al XV. Por Tom\u00e1s Carreras y Artau e ... Tomo I (e II). Madrid : Real Academia de Ciencias Exactas, F\u00edsicas y Naturales, 1939-1943.- 2 vols. : XI, [1], 661, [3]; 686, [2] p. : il. : (25 cm) : enc. Bom exemplar. Encaderna\u00e7\u00e3o meia francesa, com sinais de uso, em carneira parda, capas de brochura conservadas.<br \/>\n6) MART\u00cdNEZ FERRANDO, Ernesto,- Relaciones de Arnau de Vilanova com los Reyes de la Casa de Arag\u00f3n. Discurso le\u00eddo (..) en la recepci\u00f3n p\u00fablica del Dr. D. Joaqu\u00edn Carreras Artaud en la Real Academia de Buenas Letras de Barcelona\u2026 Barcelona : Real Academia de Buenas Letras de Barcelona, 1955.- 80 p. : (24 cm) : broch. Muito bom exemplar. Com dedicat\u00f3ria aut\u00f3grafa a A. Moreira de S\u00e1. ","additional_info":false,"tags":"Books and Manuscripts","auction_session":"1","gallery":[{"image":{"ID":268425,"id":268425,"title":"127_119","filename":"119.jpg","filesize":1297574,"url":"https:\/\/veritas.art\/wp-content\/uploads\/2023\/04\/119.jpg","link":"https:\/\/veritas.art\/en\/lot\/carreras-y-artau-joaquim-1894-1968-6-titulos-1681142472\/127_119\/","alt":"","author":"44","description":"","caption":"","name":"127_119","status":"inherit","uploaded_to":267155,"date":"2023-04-19 12:26:50","modified":"2023-04-19 12:26:51","menu_order":0,"mime_type":"image\/jpeg","type":"image","subtype":"jpeg","icon":"https:\/\/veritas.art\/wp-includes\/images\/media\/default.png","width":958,"height":1332,"sizes":{"thumbnail":"https:\/\/veritas.art\/wp-content\/uploads\/2023\/04\/119-150x150.jpg","thumbnail-width":150,"thumbnail-height":150,"medium":"https:\/\/veritas.art\/wp-content\/uploads\/2023\/04\/119.jpg","medium-width":216,"medium-height":300,"medium_large":"https:\/\/veritas.art\/wp-content\/uploads\/2023\/04\/119.jpg","medium_large-width":768,"medium_large-height":1068,"large":"https:\/\/veritas.art\/wp-content\/uploads\/2023\/04\/119.jpg","large-width":736,"large-height":1024,"1536x1536":"https:\/\/veritas.art\/wp-content\/uploads\/2023\/04\/119.jpg","1536x1536-width":958,"1536x1536-height":1332,"2048x2048":"https:\/\/veritas.art\/wp-content\/uploads\/2023\/04\/119.jpg","2048x2048-width":958,"2048x2048-height":1332,"v_medium":"https:\/\/veritas.art\/wp-content\/uploads\/2023\/04\/119-640x890.jpg","v_medium-width":640,"v_medium-height":890,"gform-image-choice-sm":"https:\/\/veritas.art\/wp-content\/uploads\/2023\/04\/119.jpg","gform-image-choice-sm-width":216,"gform-image-choice-sm-height":300,"gform-image-choice-md":"https:\/\/veritas.art\/wp-content\/uploads\/2023\/04\/119.jpg","gform-image-choice-md-width":288,"gform-image-choice-md-height":400,"gform-image-choice-lg":"https:\/\/veritas.art\/wp-content\/uploads\/2023\/04\/119.jpg","gform-image-choice-lg-width":432,"gform-image-choice-lg-height":600}},"is_video":false,"video_source":"","video_id":"","use_video_thumbnail":true}]},"_links":{"self":[{"href":"https:\/\/veritas.art\/en\/wp-json\/wp\/v2\/lot\/267156","targetHints":{"allow":["GET"]}}],"collection":[{"href":"https:\/\/veritas.art\/en\/wp-json\/wp\/v2\/lot"}],"about":[{"href":"https:\/\/veritas.art\/en\/wp-json\/wp\/v2\/types\/lot"}],"wp:featuredmedia":[{"embeddable":true,"href":"https:\/\/veritas.art\/en\/wp-json\/wp\/v2\/media\/268425"}],"wp:attachment":[{"href":"https:\/\/veritas.art\/en\/wp-json\/wp\/v2\/media?parent=267156"}],"wp:term":[{"taxonomy":"category","embeddable":true,"href":"https:\/\/veritas.art\/en\/wp-json\/wp\/v2\/categories?post=267156"}],"curies":[{"name":"wp","href":"https:\/\/api.w.org\/{rel}","templated":true}]}}

[Auction 127] Lot 119 &#8211; CARRERAS Y ARTAU, Joaquim, 1894-1968 (6 títulos)

1) Aportaciones hispanas al curso general de la Filosofia. Madrid : Congresso Internacional de Filosofia, 1949.- (43-136) p. : (23 cm) : enc. Bom exemplar. Encadernado em meia inglesa. Com dedicatória autógrafa. 
2) Apports hispaniques à la philosophie chrétienne de l&#8217;occident. (Par&#8230; et Juan Tusquets Terrats). Louvain / Paris : Publications Universitaires de Louvain / Éditions Béatrice Nauwelaerts, 1962.- 206, [2] p. : (19 cm) : enc. Muito bom exemplar. Encadernado em meia inglesa de tela encarnada, mantém as capas de brochura. (Chaire Cardinal Mercier). Com dedicatória de Carreras Artau. 
3) Balance, estado actual y perspectivas de los estúdios sobre História de la Filosofia española. Madrid : Associacion Española para el Progresso de las Ciencias, 1951.- (249-270) p. : (24 cm) : broch. Bom exemplar. Com dedicatória autógrafa a A. Moreira de Sá. 
4) De Ramón Lull a los modernos ensayos de formación de una lengua universal. Barcelona : C.S.I.C.- Instituto Antonio de Nebrija, 1946.- 40, [4] p. : (16 cm) : broch. Muito bom exemplar. 
5) Historia de la Filosofía española. Filosofía cristiana de los siglos XIII al XV. Por Tomás Carreras y Artau e &#8230; Tomo I (e II). Madrid : Real Academia de Ciencias Exactas, Físicas y Naturales, 1939-1943.- 2 vols. : XI, [1], 661, [3]; 686, [2] p. : il. : (25 cm) : enc. Bom exemplar. Encadernação meia francesa, com sinais de uso, em carneira parda, capas de brochura conservadas.
6) MARTÍNEZ FERRANDO, Ernesto,- Relaciones de Arnau de Vilanova com los Reyes de la Casa de Aragón. Discurso leído (..) en la recepción pública del Dr. D. Joaquín Carreras Artaud en la Real Academia de Buenas Letras de Barcelona… Barcelona : Real Academia de Buenas Letras de Barcelona, 1955.- 80 p. : (24 cm) : broch. Muito bom exemplar. Com dedicatória autógrafa a A. Moreira de Sá.

CARRERAS Y ARTAU, Joaquim, 1894-1968 (6 títulos)

1) Aportaciones hispanas al curso general de la Filosofia. Madrid : Congresso Internacional de Filosofia, 1949.- (43-136) p. : (23 cm) : enc. Bom exemplar. Encadernado em meia inglesa. Com dedicatória autógrafa. <br />
2) Apports hispaniques à la philosophie chrétienne de l'occident. (Par... et Juan Tusquets Terrats). Louvain / Paris : Publications Universitaires de Louvain / Éditions Béatrice Nauwelaerts, 1962.- 206, [2] p. : (19 cm) : enc. Muito bom exemplar. Encadernado em meia inglesa de tela encarnada, mantém as capas de brochura. (Chaire Cardinal Mercier). Com dedicatória de Carreras Artau. <br />
3) Balance, estado actual y perspectivas de los estúdios sobre História de la Filosofia española. Madrid : Associacion Española para el Progresso de las Ciencias, 1951.- (249-270) p. : (24 cm) : broch. Bom exemplar. Com dedicatória autógrafa a A. Moreira de Sá. <br />
4) De Ramón Lull a los modernos ensayos de formación de una lengua universal. Barcelona : C.S.I.C.- Instituto Antonio de Nebrija, 1946.- 40, [4] p. : (16 cm) : broch. Muito bom exemplar. <br />
5) Historia de la Filosofía española. Filosofía cristiana de los siglos XIII al XV. Por Tomás Carreras y Artau e ... Tomo I (e II). Madrid : Real Academia de Ciencias Exactas, Físicas y Naturales, 1939-1943.- 2 vols. : XI, [1], 661, [3]; 686, [2] p. : il. : (25 cm) : enc. Bom exemplar. Encadernação meia francesa, com sinais de uso, em carneira parda, capas de brochura conservadas.<br />
6) MARTÍNEZ FERRANDO, Ernesto,- Relaciones de Arnau de Vilanova com los Reyes de la Casa de Aragón. Discurso leído (..) en la recepción pública del Dr. D. Joaquín Carreras Artaud en la Real Academia de Buenas Letras de Barcelona… Barcelona : Real Academia de Buenas Letras de Barcelona, 1955.- 80 p. : (24 cm) : broch. Muito bom exemplar. Com dedicatória autógrafa a A. Moreira de Sá.
